{"id":3,"date":"2021-03-05T08:59:23","date_gmt":"2021-03-05T08:59:23","guid":{"rendered":"http:\/\/parcavs.com\/?page_id=3"},"modified":"2021-03-18T16:14:04","modified_gmt":"2021-03-18T14:14:04","slug":"gizlilik-guvenlik","status":"publish","type":"page","link":"https:\/\/parcavs.com\/index.php\/gizlilik-guvenlik\/","title":{"rendered":"Gizlilik ve G\u00fcvenlik"},"content":{"rendered":"\n<p><strong>\u00dcye B\u0130LG\u0130LER\u0130N\u0130N G\u0130ZL\u0130L\u0130\u011e\u0130 VE G\u00dcVENL\u0130\u011e\u0130<\/strong><\/p>\n\n\n\n<p>Ma\u011fazam\u0131za \u00fcye olmak i\u00e7in girmi\u015f oldu\u011funuz t\u00fcm bilgiler, sitemiz taraf\u0131ndan taraf\u0131ndan 3. parti firma veya ki\u015filerle payla\u015f\u0131lmayacakt\u0131r.<br><br>Ma\u011fazam\u0131z baz\u0131 d\u00f6nemlerde m\u00fc\u015fterilerine ve \u00fcyelerine kampanya bilgileri, yeni \u00fcr\u00fcnler hakk\u0131nda bilgiler, promosyon bilgileri g\u00f6nderebilir. \u00dcyelerimiz bu gibi bilgileri al\u0131p almama konusunda her t\u00fcrl\u00fc se\u00e7imi \u00fcye olurken yapabilir ve sonras\u0131nda \u00fcye giri\u015fi yapt\u0131ktan sonra hesap bilgileri b\u00f6l\u00fcm\u00fcnden\u00a0bu se\u00e7im de\u011fi\u015ftirilebilmektedir.<\/p>\n\n\n\n<p>\u00dcye olurken verdi\u011finiz t\u00fcm bilgilere sadece siz ula\u015fabilir ve siz de\u011fi\u015ftirebilirsiniz. \u00dcye giri\u015f bilgilerinizi g\u00fcvenli korudu\u011funuz takdirde ba\u015fkalar\u0131n\u0131n sizinle ilgili bilgilere ula\u015fmas\u0131 ve bunlar\u0131 de\u011fi\u015ftirmesi m\u00fcmk\u00fcn de\u011fildir. Bu ama\u00e7la, \u00fcyelik i\u015flemleri s\u0131ras\u0131nda\u00a0<strong>128 bit SSL\u00a0<\/strong>g\u00fcvenlik alan\u0131 i\u00e7inde hareket edilir. Bu sistem k\u0131r\u0131lmas\u0131 m\u00fcmk\u00fcn olmayan bir uluslararas\u0131 bir \u015fifreleme standard\u0131d\u0131r.<\/p>\n\n\n\n<p><strong>KRED\u0130 KARTI G\u00dcVENL\u0130\u011e\u0130<\/strong><\/p>\n\n\n\n<p>\u015eirketimiz, al\u0131\u015fveri\u015f sitelerimizden al\u0131\u015fveri\u015f yapan kredi kart\u0131 sahiplerinin g\u00fcvenli\u011fini ilk planda tutmaktad\u0131r. Kredi kart\u0131 bilgileriniz hi\u00e7bir \u015fekilde sistemimizde saklanmamaktad\u0131r.<\/p>\n\n\n\n<p>\u0130\u015flemler s\u00fcrecine girdi\u011finizde g\u00fcvenli bir sitede oldu\u011funuzu anlamak i\u00e7in dikkat etmeniz gereken iki \u015fey vard\u0131r. Bunlardan biri taray\u0131c\u0131n\u0131z\u0131n en alt sat\u0131r\u0131nda bulunan bir anahtar ya da kilit simgesidir. \u00d6rne\u011fin Internet Explorer ve Firefox taray\u0131c\u0131n\u0131z\u0131n alt k\u0131sm\u0131nda g\u00f6r\u00fcnt\u00fclenen sar\u0131 renkli bir kilit g\u00f6r\u00fcnt\u00fcs\u00fcd\u00fcr. Buna ek olarak i\u00e7inde oldu\u011funuz sayfan\u0131n adresinin ba\u015f\u0131ndaki&nbsp;<strong>http:\/\/<\/strong>&nbsp; &nbsp;<strong>https:\/\/<\/strong>&nbsp;olarak de\u011fi\u015fir. Bu g\u00fcvenli bir internet sayfas\u0131nda oldu\u011funuzu g\u00f6sterir ve her t\u00fcrl\u00fc&nbsp;bilgileriniz \u015fifrelenerek korunur. Bu bilgiler, ancak sat\u0131\u015f i\u015flemleri s\u00fcrecine ba\u011fl\u0131 olarak ve verdi\u011finiz talimat istikametinde kullan\u0131l\u0131r. Al\u0131\u015fveri\u015f s\u0131ras\u0131nda kullan\u0131lan kredi kart\u0131 ile ilgili bilgiler al\u0131\u015fveri\u015f sitelerimizden ba\u011f\u0131ms\u0131z olarak Comodo taraf\u0131ndan 128 bit SSL (Secure Sockets Layer) protokol\u00fc ile \u015fifrelenip sorgulanmak \u00fczere ilgili bankaya ula\u015ft\u0131r\u0131l\u0131r. Kart\u0131n kullan\u0131labilirli\u011fi onayland\u0131\u011f\u0131 takdirde al\u0131\u015fveri\u015fe devam edilir. Kartla ilgili hi\u00e7bir bilgi taraf\u0131m\u0131zdan g\u00f6r\u00fcnt\u00fclenemedi\u011finden ve kaydedilmedi\u011finden, \u00fc\u00e7\u00fcnc\u00fc \u015fah\u0131slar\u0131n herhangi bir ko\u015fulda bu bilgileri ele ge\u00e7irmesi engellenmi\u015f olur.<\/p>\n\n\n\n<p>Online olarak kredi kart\u0131 ile verilen sipari\u015flerin \u00f6deme\/fatura\/teslimat adresi bilgilerinin g\u00fcvenilirli\u011fi \u015firketimiz taraf\u0131ndan Kredi Kartlar\u0131 Sahtekarl\u0131\u011f\u0131 (Fraud) &#8216;na kar\u015f\u0131 denetlenmektedir. Bu y\u00fczden, al\u0131\u015fveri\u015f sitelerimizden ilk defa sipari\u015f veren m\u00fc\u015fterilerin sipari\u015flerinin tedarik ve teslimat a\u015famas\u0131na gelebilmesi i\u00e7in \u00f6ncelikle finansal ve adres\/telefon bilgilerinin do\u011frulu\u011funun onaylanmas\u0131 gereklidir. Bu bilgilerin kontrol\u00fc i\u00e7in gerekirse kredi kart\u0131 sahibi m\u00fc\u015fteri ile veya ilgili banka ile irtibata ge\u00e7ilmektedir.<\/p>\n\n\n\n<p>Comodo sertifikal\u0131 online al\u0131\u015fveri\u015f sitelerimiz, T\u00fcrkiye&#8217;nin en yayg\u0131n online \u00f6deme altyap\u0131lar\u0131na sahip Akbank ve Finansbank kullanmaktad\u0131r.<\/p>\n\n\n\n<p>Bilgi hatt\u0131 veya m\u00fc\u015fteri hizmetleri servisi bulunan ve&nbsp;<strong>a\u00e7\u0131k adres ve telefon bilgilerinin<\/strong>&nbsp;belirtildi\u011fi \u0130nternet al\u0131\u015fveri\u015f siteleri g\u00fcn\u00fcm\u00fczde daha fazla tercih edilmektedir. Bu sayede akl\u0131n\u0131za tak\u0131lan b\u00fct\u00fcn konular hakk\u0131nda detayl\u0131 bilgi alabilir, online al\u0131\u015fveri\u015f hizmeti sa\u011flayan firman\u0131n g\u00fcvenirli\u011fi konusunda daha sa\u011fl\u0131kl\u0131 bilgi edinebilirsiniz.<\/p>\n\n\n\n<p><strong>Not:<\/strong>&nbsp;\u0130nternet al\u0131\u015fveri\u015f sitelerinde firman\u0131n a\u00e7\u0131k adresinin ve telefonun yer almas\u0131na dikkat edilmesini tavsiye ediyoruz. Al\u0131\u015fveri\u015f yapacaksan\u0131z al\u0131\u015fveri\u015finizi yapmadan \u00fcr\u00fcn\u00fc ald\u0131\u011f\u0131n\u0131z ma\u011fazan\u0131n b\u00fct\u00fcn telefon \/ adres bilgilerini not edin. E\u011fer g\u00fcvenmiyorsan\u0131z al\u0131\u015fveri\u015ften \u00f6nce telefon ederek teyit edin. Erdem Erg\u00fcn\u2019e ait t\u00fcm online al\u0131\u015fveri\u015f sitelerimizde firmam\u0131za ait t\u00fcm bilgiler a\u00e7\u0131k olarak belirtilmi\u015ftir.<\/p>\n\n\n\n<p><strong>E-POSTA G\u00dcVENL\u0130\u011e\u0130<\/strong><strong><\/strong><\/p>\n\n\n\n<p>Sitemiz M\u00fc\u015fteri Hizmetleri\u2019ne, herhangi bir sipari\u015finizle ilgili olarak g\u00f6nderece\u011finiz e-postalarda, asla kredi kart\u0131 numaran\u0131z\u0131 veya \u015fifrelerinizi yazmay\u0131n\u0131z. E-postalarda yer alan bilgiler \u00fc\u00e7\u00fcnc\u00fc \u015fah\u0131slar taraf\u0131ndan g\u00f6r\u00fclebilir. \u015eirketimiz e-postalar\u0131n\u0131zdan aktar\u0131lan bilgilerin g\u00fcvenli\u011fini hi\u00e7bir ko\u015fulda garanti edemez.<\/p>\n\n\n\n<p><strong>\u00c7EREZLER\u0130N KULLANIMI   <\/strong>                     <\/p>\n\n\n\n<p>\u00c7erezler, bir sitenin veya servis sa\u011flay\u0131c\u0131s\u0131n\u0131n, web taray\u0131c\u0131n\u0131z \u00fczerinden sabit s\u00fcr\u00fcc\u00fcye (izin veriyorsan\u0131z), sitelerin veya servis sa\u011flay\u0131c\u0131lar\u0131n sisteminizin taray\u0131c\u0131n\u0131z\u0131 tan\u0131mas\u0131n\u0131 ve belirli bilgileri yakalama ve hat\u0131rlamalar\u0131n\u0131 sa\u011flayan k\u00fc\u00e7\u00fck dosyalard\u0131r.<\/p>\n\n\n\n<p>Al\u0131\u015fveri\u015f sepetinizdeki \u00f6\u011feleri hat\u0131rlamam\u0131za ve i\u015flememize, gelecek ziyaretler i\u00e7in tercihlerinizi anlamam\u0131za ve kaydetmemize ve reklamlar\u0131 takip etmemize yard\u0131mc\u0131 olmak i\u00e7in \u00e7erezler kullan\u0131yoruz.<\/p>\n\n\n\n<p>Bu \u00e7evrimi\u00e7i gizlilik politikas\u0131 yaln\u0131zca web sitemiz arac\u0131l\u0131\u011f\u0131yla toplanan bilgiler i\u00e7in ge\u00e7erlidir ve \u00e7evrimd\u0131\u015f\u0131 olarak toplanan bilgiler i\u00e7in ge\u00e7erli de\u011fildir.<\/p>\n","protected":false},"excerpt":{"rendered":"<p>\u00dcye B\u0130LG\u0130LER\u0130N\u0130N G\u0130ZL\u0130L\u0130\u011e\u0130 VE G\u00dcVENL\u0130\u011e\u0130 Ma\u011fazam\u0131za \u00fcye olmak i\u00e7in girmi\u015f oldu\u011funuz t\u00fcm bilgiler, sitemiz taraf\u0131ndan taraf\u0131ndan 3. parti firma veya ki\u015filerle payla\u015f\u0131lmayacakt\u0131r. Ma\u011fazam\u0131z baz\u0131 d\u00f6nemlerde m\u00fc\u015fterilerine ve \u00fcyelerine kampanya bilgileri, yeni \u00fcr\u00fcnler hakk\u0131nda bilgiler, promosyon bilgileri g\u00f6nderebilir. \u00dcyelerimiz bu gibi bilgileri al\u0131p almama konusunda her t\u00fcrl\u00fc se\u00e7imi \u00fcye olurken yapabilir ve sonras\u0131nda \u00fcye giri\u015fi yapt\u0131ktan [&hellip;]<\/p>\n","protected":false},"author":1,"featured_media":0,"parent":0,"menu_order":0,"comment_status":"closed","ping_status":"open","template":"","meta":{"_monsterinsights_skip_tracking":false,"_monsterinsights_sitenote_active":false,"_monsterinsights_sitenote_note":"","_monsterinsights_sitenote_category":0,"footnotes":""},"class_list":["post-3","page","type-page","status-publish","hentry"],"_links":{"self":[{"href":"https:\/\/parcavs.com\/index.php\/wp-json\/wp\/v2\/pages\/3","targetHints":{"allow":["GET"]}}],"collection":[{"href":"https:\/\/parcavs.com\/index.php\/wp-json\/wp\/v2\/pages"}],"about":[{"href":"https:\/\/parcavs.com\/index.php\/wp-json\/wp\/v2\/types\/page"}],"author":[{"embeddable":true,"href":"https:\/\/parcavs.com\/index.php\/wp-json\/wp\/v2\/users\/1"}],"replies":[{"embeddable":true,"href":"https:\/\/parcavs.com\/index.php\/wp-json\/wp\/v2\/comments?post=3"}],"version-history":[{"count":6,"href":"https:\/\/parcavs.com\/index.php\/wp-json\/wp\/v2\/pages\/3\/revisions"}],"predecessor-version":[{"id":2203,"href":"https:\/\/parcavs.com\/index.php\/wp-json\/wp\/v2\/pages\/3\/revisions\/2203"}],"wp:attachment":[{"href":"https:\/\/parcavs.com\/index.php\/wp-json\/wp\/v2\/media?parent=3"}],"curies":[{"name":"wp","href":"https:\/\/api.w.org\/{rel}","templated":true}]}}