{"id":12037,"date":"2024-02-06T11:08:32","date_gmt":"2024-02-06T09:08:32","guid":{"rendered":"https:\/\/parcavs.com\/?post_type=product&#038;p=12037"},"modified":"2024-08-07T00:00:11","modified_gmt":"2024-08-06T21:00:11","slug":"orjinal-mitsubishi-canter-859-kapi-kecesi-mk403695","status":"publish","type":"product","link":"https:\/\/parcavs.com\/index.php\/product\/orjinal-mitsubishi-canter-859-kapi-kecesi-mk403695\/","title":{"rendered":"Orjinal Mitsubishi Canter 859 Kap\u0131 Ke\u00e7esi MK403695"},"content":{"rendered":"<p>MK403695 Orjinal Mitsubishi Canter 859 Kap\u0131 Ke\u00e7esi<br \/>\nKe\u00e7e. Kap\u0131 Mitsubishi<br \/>\n%100 Orjinal Mitsubishi Canter Yedek Par\u00e7a<br \/>\nFiyatlar\u0131m\u0131za KDV \u00fccreti dahildir<br \/>\nAd\u0131n\u0131za fatural\u0131 olarak g\u00f6nderilecektir.<br \/>\nKargo ta\u015f\u0131ma \u00fccreti al\u0131c\u0131ya aittir.<br \/>\nAnla\u015fmal\u0131 oldu\u011fumuz kargo firmas\u0131 arac\u0131l\u0131\u011f\u0131yla<br \/>\n\u00dccret al\u0131c\u0131 olarak taraf\u0131n\u0131za g\u00f6nderilecektir.<\/p>\n<hr \/>\n<p><strong>Mitsubishi\u00a0 Markas\u0131 Hakk\u0131nda<\/strong><\/p>\n<p>Mitsubishi\u00a0 markas\u0131 1870 y\u0131l\u0131nda Yataro Iwasaki taraf\u0131ndan bir gemicilik firmas\u0131 olarak kuruldu. Mitsubishi markas\u0131n\u0131n otomotiv sekt\u00f6r\u00fcndeki hikayesi ise 1917 y\u0131l\u0131nda Mitsubishi gemi in\u015faat\u0131 alan\u0131nda faaliyet g\u00f6steren \u015firketin, ilk otomobil modeli olan Model-A\u2019y\u0131 \u00fcretmesi ile ba\u015flad\u0131. Devlet g\u00f6revlileri i\u00e7in l\u00fcks bir ara\u00e7 olarak tasarlanan Model-A,\u00a0 Japonya tarihindeki ilk seri olarak \u00fcretimi yap\u0131lan ara\u00e7t\u0131r.<\/p>\n<p>1934 y\u0131l\u0131nda Mitsubishi gemicilik firmas\u0131 ve u\u00e7ak sanayi firmas\u0131yla birle\u015ferek Mitsubishi Heavy Industries \u015firketini olu\u015fturdular. B\u00f6ylece gemi, u\u00e7ak ve otomobil \u00fcretimi ayn\u0131 firma \u00e7at\u0131 alt\u0131nda topland\u0131.<\/p>\n<p>Mitsubishi firmas\u0131 ilerleyen y\u0131llarda gayrimenkulden g\u0131da ve i\u00e7ece\u011fe, telekom\u00fcnikasyondan bankac\u0131l\u0131\u011fa kadar neredeyse her sekt\u00f6rde faaliyet g\u00f6steren \u00e7ok uluslu bir \u015firket halinde geldi. 2011 y\u0131l\u0131nda gelindi\u011finde Mitsubishi Motors, Japonyadaki en b\u00fcy\u00fck 6. ve d\u00fcnya genelindeki en b\u00fcy\u00fck 16. Otomotiv \u00fcreticisi haline geldi.<\/p>\n<p>Logosundaki \u00fc\u00e7 elmasla temsil edilen 3 de\u011ferli Japon erdemi\u00a0 olan g\u00fc\u00e7, b\u00fcy\u00fcme ve \u00fcst\u00fcnl\u00fck\u00a0 ta\u015f\u0131yan otomobiller \u00fcretme misyonu ana oda\u011f\u0131 olagelmi\u015ftir.<\/p>\n<p><strong>Mitsubishi\u00a0 T\u00fcrkiye Hakk\u0131nda<\/strong><\/p>\n<p>Mitsubishi Motors Cooperation,\u00a0 1984 y\u0131l\u0131ndan bu yanda T\u00fcrkiye ortakl\u0131\u011f\u0131n\u0131 Sabanc\u0131 gruba ait Tema Global A\u015e ile yapmaktad\u0131r. Temsa A\u015f, T\u00fcrkiye genelindeki 30 yetkili sat\u0131c\u0131s\u0131 ve 58 yetkili servisi ile Mitsubishi marka binek ve ticari ara\u00e7lar\u0131n sat\u0131\u015f, pazarlama, yedek par\u00e7a ve servis hizmetlerini y\u00fcr\u00fctmektedir.<\/p>\n<p><strong>Par\u00e7a Vesaire Hakk\u0131nda<\/strong><\/p>\n<p>Ba\u015fta IVECO, MAN, TATA, Mitsubishi, Subaru, HFK Kanuni, Karsan gibi markalar\u0131n orjinal ve yan sanayi par\u00e7alar\u0131n\u0131n ve \u0130klimsa klimalar\u0131n\u0131n T\u00fcrkiye genelinde online sat\u0131\u015f\u0131n\u0131n yap\u0131ld\u0131\u011f\u0131 bir al\u0131\u015fveri\u015f sitesi olarak 2021 y\u0131l\u0131nda faaliyetine ba\u015flam\u0131\u015ft\u0131r.<\/p>\n<p>\u0130lerleyen d\u00f6nemlerde di\u011fer otomotiv markalar\u0131n\u0131 ve otomotiv d\u0131\u015f\u0131 yedek par\u00e7a, makine, ikince el sanayi \u00fcr\u00fcnleri ve servis aparatlar\u0131n\u0131 da ihtiva edecek \u015fekilde yap\u0131lanmay\u0131 hedeflemektedir. \u00d6nerileriniz ve i\u015fbirli\u011fi talepleriniz i\u00e7in bizimle irtibat kurabilirsiniz.<\/p>\n","protected":false},"excerpt":{"rendered":"<p><strong>MK403695<\/strong> Orjinal <strong>Mitsubishi<\/strong> Canter 859<strong> Kap\u0131 Ke\u00e7esi<\/strong><br \/>\n<strong>Ke\u00e7e. Kap\u0131<\/strong> Mitsubishi<br \/>\n%100 <strong>Orjinal<\/strong> Mitsubishi <strong>Canter<\/strong><br \/>\nFiyatlar\u0131m\u0131za <strong>KDV<\/strong> \u00fccreti dahildir<br \/>\nAd\u0131n\u0131za <strong>fatural\u0131<\/strong> olarak g\u00f6nderilecektir.<br \/>\n<strong>Kargo<\/strong> ta\u015f\u0131ma \u00fccreti <strong>al\u0131c\u0131ya<\/strong> aittir.<\/p>\n","protected":false},"featured_media":12038,"comment_status":"open","ping_status":"closed","template":"","meta":{"_monsterinsights_skip_tracking":false,"_monsterinsights_sitenote_active":false,"_monsterinsights_sitenote_note":"","_monsterinsights_sitenote_category":0},"product_brand":[],"product_cat":[43],"product_tag":[3553,1252,8515,8516,253,8517],"class_list":{"0":"post-12037","1":"product","2":"type-product","3":"status-publish","4":"has-post-thumbnail","6":"product_cat-mitsubishi-yedek-parca","7":"product_tag-3553","8":"product_tag-canter","9":"product_tag-kapi-kecesi","10":"product_tag-kece-kapi","11":"product_tag-mitsubishi","12":"product_tag-mk403695","14":"first","15":"instock","16":"taxable","17":"shipping-taxable","18":"purchasable","19":"product-type-simple"},"_links":{"self":[{"href":"https:\/\/parcavs.com\/index.php\/wp-json\/wp\/v2\/product\/12037","targetHints":{"allow":["GET"]}}],"collection":[{"href":"https:\/\/parcavs.com\/index.php\/wp-json\/wp\/v2\/product"}],"about":[{"href":"https:\/\/parcavs.com\/index.php\/wp-json\/wp\/v2\/types\/product"}],"replies":[{"embeddable":true,"href":"https:\/\/parcavs.com\/index.php\/wp-json\/wp\/v2\/comments?post=12037"}],"version-history":[{"count":2,"href":"https:\/\/parcavs.com\/index.php\/wp-json\/wp\/v2\/product\/12037\/revisions"}],"predecessor-version":[{"id":28860,"href":"https:\/\/parcavs.com\/index.php\/wp-json\/wp\/v2\/product\/12037\/revisions\/28860"}],"wp:featuredmedia":[{"embeddable":true,"href":"https:\/\/parcavs.com\/index.php\/wp-json\/wp\/v2\/media\/12038"}],"wp:attachment":[{"href":"https:\/\/parcavs.com\/index.php\/wp-json\/wp\/v2\/media?parent=12037"}],"wp:term":[{"taxonomy":"product_brand","embeddable":true,"href":"https:\/\/parcavs.com\/index.php\/wp-json\/wp\/v2\/product_brand?post=12037"},{"taxonomy":"product_cat","embeddable":true,"href":"https:\/\/parcavs.com\/index.php\/wp-json\/wp\/v2\/product_cat?post=12037"},{"taxonomy":"product_tag","embeddable":true,"href":"https:\/\/parcavs.com\/index.php\/wp-json\/wp\/v2\/product_tag?post=12037"}],"curies":[{"name":"wp","href":"https:\/\/api.w.org\/{rel}","templated":true}]}}