{"id":19705,"date":"2023-09-22T12:27:03","date_gmt":"2023-09-22T09:27:03","guid":{"rendered":"https:\/\/parcavs.com\/?post_type=product&#038;p=19705"},"modified":"2024-03-23T00:00:31","modified_gmt":"2024-03-22T22:00:31","slug":"fujitsu-cool-asyg18kmte-inverter-duvar-tipi-klima-18000btu-sogutma-r32","status":"publish","type":"product","link":"https:\/\/parcavs.com\/index.php\/product\/fujitsu-cool-asyg18kmte-inverter-duvar-tipi-klima-18000btu-sogutma-r32\/","title":{"rendered":"Fujitsu Cool ASYG18KMTE Inverter Duvar Tipi Klima 18000BTU So\u011futma R32"},"content":{"rendered":"<p>Fujitsu Cool 18.000 BTU\/h A++ Inverter Klima R32 ASYG18KMTE<\/p>\n<p>\u00dccretsiz kargo \u2013 \u00dccretsiz montaj \u2013 KDV dahil olarak<\/p>\n<p>Ad\u0131n\u0131za fatural\u0131 olarak g\u00f6nderilecektir.<\/p>\n","protected":false},"excerpt":{"rendered":"<p>Fujitsu Cool ASYG18KMTE 18000 BTU\/h So\u011futma A++ Inverter Klima R32 \u00d6zellikleri<\/p>\n<p>Klima Tipi: Duvar<br \/>\nIs\u0131tma Kapasitesi: 21495 (3070-29684) BTU\/h<br \/>\nSo\u011futma Kapasitesi: 17742 (3070-20472) BTU\/h<br \/>\nKlima Teknolojisi: Inverter<br \/>\nMarka: Fujitsu<br \/>\nEnerji S\u0131n\u0131f\u0131-Is\u0131tma A++<br \/>\nGaz Tipi R32<br \/>\nEnerji S\u0131n\u0131f\u0131-So\u011futma A+<br \/>\nEnerji T\u00fcketimi\/ Is\u0131tma 1.56 kW<br \/>\nEnerji T\u00fcketimi\/ So\u011futma 1.39 kW<\/p>\n<p>Fiyatlar\u0131m\u0131za KDV ve kargo \u00fccreti dahildir.<\/p>\n","protected":false},"featured_media":19706,"comment_status":"open","ping_status":"closed","template":"","meta":{"_monsterinsights_skip_tracking":false,"_monsterinsights_sitenote_active":false,"_monsterinsights_sitenote_note":"","_monsterinsights_sitenote_category":0},"product_brand":[],"product_cat":[40],"product_tag":[3112,3113,3114],"class_list":{"0":"post-19705","1":"product","2":"type-product","3":"status-publish","4":"has-post-thumbnail","6":"product_cat-klima","7":"product_tag-fujitsu-18000-klima","8":"product_tag-fujitsu-cool-18000-klima","9":"product_tag-fujitsu-duvar-tipi-18000","11":"first","12":"outofstock","13":"sold-individually","14":"taxable","15":"shipping-taxable","16":"purchasable","17":"product-type-simple"},"_links":{"self":[{"href":"https:\/\/parcavs.com\/index.php\/wp-json\/wp\/v2\/product\/19705","targetHints":{"allow":["GET"]}}],"collection":[{"href":"https:\/\/parcavs.com\/index.php\/wp-json\/wp\/v2\/product"}],"about":[{"href":"https:\/\/parcavs.com\/index.php\/wp-json\/wp\/v2\/types\/product"}],"replies":[{"embeddable":true,"href":"https:\/\/parcavs.com\/index.php\/wp-json\/wp\/v2\/comments?post=19705"}],"version-history":[{"count":1,"href":"https:\/\/parcavs.com\/index.php\/wp-json\/wp\/v2\/product\/19705\/revisions"}],"predecessor-version":[{"id":19707,"href":"https:\/\/parcavs.com\/index.php\/wp-json\/wp\/v2\/product\/19705\/revisions\/19707"}],"wp:featuredmedia":[{"embeddable":true,"href":"https:\/\/parcavs.com\/index.php\/wp-json\/wp\/v2\/media\/19706"}],"wp:attachment":[{"href":"https:\/\/parcavs.com\/index.php\/wp-json\/wp\/v2\/media?parent=19705"}],"wp:term":[{"taxonomy":"product_brand","embeddable":true,"href":"https:\/\/parcavs.com\/index.php\/wp-json\/wp\/v2\/product_brand?post=19705"},{"taxonomy":"product_cat","embeddable":true,"href":"https:\/\/parcavs.com\/index.php\/wp-json\/wp\/v2\/product_cat?post=19705"},{"taxonomy":"product_tag","embeddable":true,"href":"https:\/\/parcavs.com\/index.php\/wp-json\/wp\/v2\/product_tag?post=19705"}],"curies":[{"name":"wp","href":"https:\/\/api.w.org\/{rel}","templated":true}]}}