{"id":22939,"date":"2023-11-04T14:30:49","date_gmt":"2023-11-04T12:30:49","guid":{"rendered":"https:\/\/parcavs.com\/?post_type=product&#038;p=22939"},"modified":"2024-08-02T00:00:11","modified_gmt":"2024-08-01T21:00:11","slug":"zimmermann-fren-disk-takimi-on-standart-250-1360-20","status":"publish","type":"product","link":"https:\/\/parcavs.com\/index.php\/product\/zimmermann-fren-disk-takimi-on-standart-250-1360-20\/","title":{"rendered":"Zimmermann Fren Disk Tak\u0131m\u0131 \u00d6n Standart 250.1360.20"},"content":{"rendered":"<p>250.1360.20 Fren Disk Tak\u0131m\u0131 \u00d6n Standart<br \/>\nFord Mondeo 07-14 S-MAX 06&gt;\/<br \/>\nLand Rover Freelander\u00a0 2.2cc 06\/14<br \/>\nRange Rover Evoque \u00a02.0-2.2cc 11\/&#8211;\u00a0 Range Rover Evoque\u00a0 2.0cc 16\/&#8211;<br \/>\nVolvo \u00a0S80-V70-XC70 06\/&#8211;\u00a0 S60-V60 10\/&#8211; (16 Jant)<br \/>\nOEM KODLARI: 1500158 &#8211; 1384689 &#8211; 1405510 &#8211; 1420600 &#8211; 1420601<br \/>\n%100 Orjinal Zimmermann \u00fcr\u00fcn\u00fcd\u00fcr<br \/>\nTak\u0131m Fiyat\u0131d\u0131r.<br \/>\nFiyatlar\u0131m\u0131za KDV dahildir<br \/>\nAd\u0131n\u0131za fatural\u0131 olarak g\u00f6nderilecektir.<br \/>\nKargo ta\u015f\u0131ma \u00fccreti al\u0131c\u0131ya aittir.<br \/>\nArac\u0131n\u0131za uyumlulu\u011fu i\u00e7in 0532 3252607 nolu telefona \u015fasi no bilginizi g\u00f6nderip sorgulatabilirsiniz.<\/p>\n<hr \/>\n<p>ZIMMERMANN<br \/>\nOtto Zimmermann, 60 y\u0131l\u0131 a\u015fk\u0131n s\u00fcredir otomobil \u00fcreticilerine yedek par\u00e7a pazar\u0131 i\u00e7in y\u00fcksek kalite fren sistemleri geli\u015ftirmekte, \u00fcretmekte ve satmaktad\u0131r.<\/p>\n<p>\u00dcr\u00fcn \u00c7e\u015fitleri (Binek ve Hafif Ticari i\u00e7in):<br \/>\n&#8211; Fren Balatalar\u0131<br \/>\n&#8211; Fren Kampanalar\u0131<br \/>\n&#8211; Fren Pabu\u00e7lar\u0131<br \/>\n&#8211; Hafif Ticari Ara\u00e7lar i\u00e7in Monte Edilmi\u015f Fren Pabucu Kitleri<br \/>\n&#8211; \u00c7apraz Delikli Spor Fren Diskleri ve Birle\u015fik Fren Diskleri<\/p>\n","protected":false},"excerpt":{"rendered":"<p><strong>250.1360.20<\/strong> Fren<strong> Disk Tak\u0131m\u0131 \u00d6n Standart<\/strong><br \/>\n<strong>Ford<\/strong> <strong>Mondeo<\/strong> 07-14 S-MAX 06&gt;\/<br \/>\n<strong>Land<\/strong> <strong>Rover<\/strong> Freelander\u00a0 2.2cc 06\/14<br \/>\n<strong>Range<\/strong> <strong>Rover<\/strong> Evoque \u00a02.0-2.2cc 11\/&#8211;\u00a0 <strong>Range<\/strong> <strong>Rover<\/strong> Evoque\u00a0 2.0cc 16\/&#8211;<br \/>\n<strong>Volvo <\/strong>\u00a0S80-V70-XC70 06\/&#8211;\u00a0 S60-V60 10\/&#8211; (16 Jant)<br \/>\nOEM KODLARI: 1500158 &#8211; 1384689 &#8211; 1405510 &#8211; 1420600 &#8211; 1420601<br \/>\n%100 <strong>Orjinal<\/strong> Zimmermann \u00fcr\u00fcn\u00fcd\u00fcr<br \/>\n<strong>Tak\u0131m<\/strong> Fiyat\u0131d\u0131r.<br \/>\nFiyatlar\u0131m\u0131za <strong>KDV<\/strong> dahildir<br \/>\nAd\u0131n\u0131za <strong>fatural\u0131<\/strong> olarak g\u00f6nderilecektir.<br \/>\n<strong>Kargo<\/strong> ta\u015f\u0131ma \u00fccreti <strong>al\u0131c\u0131ya<\/strong> aittir.<br \/>\nArac\u0131n\u0131za uyumlulu\u011fu i\u00e7in 0532 3252607 nolu telefona \u015fasi no bilginizi g\u00f6nderip sorgulatabilirsiniz.<\/p>\n","protected":false},"featured_media":22940,"comment_status":"open","ping_status":"closed","template":"","meta":{"_monsterinsights_skip_tracking":false,"_monsterinsights_sitenote_active":false,"_monsterinsights_sitenote_note":"","_monsterinsights_sitenote_category":0},"product_brand":[],"product_cat":[4489],"product_tag":[4512,4513,4508,4502],"class_list":{"0":"post-22939","1":"product","2":"type-product","3":"status-publish","4":"has-post-thumbnail","6":"product_cat-zimmermann","7":"product_tag-250-1360-20","8":"product_tag-4513","9":"product_tag-fren-diski","10":"product_tag-zimmermann","12":"first","13":"instock","14":"taxable","15":"shipping-taxable","16":"purchasable","17":"product-type-simple"},"_links":{"self":[{"href":"https:\/\/parcavs.com\/index.php\/wp-json\/wp\/v2\/product\/22939","targetHints":{"allow":["GET"]}}],"collection":[{"href":"https:\/\/parcavs.com\/index.php\/wp-json\/wp\/v2\/product"}],"about":[{"href":"https:\/\/parcavs.com\/index.php\/wp-json\/wp\/v2\/types\/product"}],"replies":[{"embeddable":true,"href":"https:\/\/parcavs.com\/index.php\/wp-json\/wp\/v2\/comments?post=22939"}],"version-history":[{"count":5,"href":"https:\/\/parcavs.com\/index.php\/wp-json\/wp\/v2\/product\/22939\/revisions"}],"predecessor-version":[{"id":28617,"href":"https:\/\/parcavs.com\/index.php\/wp-json\/wp\/v2\/product\/22939\/revisions\/28617"}],"wp:featuredmedia":[{"embeddable":true,"href":"https:\/\/parcavs.com\/index.php\/wp-json\/wp\/v2\/media\/22940"}],"wp:attachment":[{"href":"https:\/\/parcavs.com\/index.php\/wp-json\/wp\/v2\/media?parent=22939"}],"wp:term":[{"taxonomy":"product_brand","embeddable":true,"href":"https:\/\/parcavs.com\/index.php\/wp-json\/wp\/v2\/product_brand?post=22939"},{"taxonomy":"product_cat","embeddable":true,"href":"https:\/\/parcavs.com\/index.php\/wp-json\/wp\/v2\/product_cat?post=22939"},{"taxonomy":"product_tag","embeddable":true,"href":"https:\/\/parcavs.com\/index.php\/wp-json\/wp\/v2\/product_tag?post=22939"}],"curies":[{"name":"wp","href":"https:\/\/api.w.org\/{rel}","templated":true}]}}