{"id":24368,"date":"2023-11-20T16:47:09","date_gmt":"2023-11-20T14:47:09","guid":{"rendered":"https:\/\/parcavs.com\/?post_type=product&#038;p=24368"},"modified":"2024-05-21T00:00:08","modified_gmt":"2024-05-20T21:00:08","slug":"renault-clio-symbol-1-5-dci-hava-filtresi-7701477208","status":"publish","type":"product","link":"https:\/\/parcavs.com\/index.php\/product\/renault-clio-symbol-1-5-dci-hava-filtresi-7701477208\/","title":{"rendered":"Renault Clio Symbol 1.5 Dc\u0131 Hava Filtresi 7701477208"},"content":{"rendered":"<p>7701477208 Renault Clio Symbol 1.5 Dc\u0131 Hava Filtresi<br \/>\nFiltre Hava Renault<br \/>\n\u00dcretici Firma: FUJ\u0130 F\u0131lter<br \/>\nFiyatlar\u0131m\u0131za KDV \u00fccreti dahildir<br \/>\nAd\u0131n\u0131za fatural\u0131 olarak g\u00f6nderilecektir.<br \/>\nKargo ta\u015f\u0131ma \u00fccreti al\u0131c\u0131ya aittir.<br \/>\nAnla\u015fmal\u0131 oldu\u011fumuz kargo firmas\u0131 arac\u0131l\u0131\u011f\u0131yla<br \/>\n\u00dccret al\u0131c\u0131 olarak taraf\u0131n\u0131za g\u00f6nderilecektir.<\/p>\n<p>&nbsp;<\/p>\n","protected":false},"excerpt":{"rendered":"<p><strong>7701477208<\/strong> Renault <strong>Clio Symbol 1.5 Dc\u0131 Hava Filtresi<\/strong><br \/>\n<strong>Filtre Hava<\/strong> Renault<br \/>\n\u00dcretici Firma: <strong>FUJ\u0130 F\u0131lter<\/strong><br \/>\nFiyatlar\u0131m\u0131za <strong>KDV<\/strong> \u00fccreti dahildir<br \/>\nAd\u0131n\u0131za <strong>fatural\u0131<\/strong> olarak g\u00f6nderilecektir.<br \/>\n<strong>Kargo<\/strong> ta\u015f\u0131ma \u00fccreti <strong>al\u0131c\u0131ya<\/strong> aittir.<\/p>\n","protected":false},"featured_media":24369,"comment_status":"open","ping_status":"closed","template":"","meta":{"_monsterinsights_skip_tracking":false,"_monsterinsights_sitenote_active":false,"_monsterinsights_sitenote_note":"","_monsterinsights_sitenote_category":0},"product_brand":[],"product_cat":[15],"product_tag":[5205,5199,1105,5200,5206,5207],"class_list":{"0":"post-24368","1":"product","2":"type-product","3":"status-publish","4":"has-post-thumbnail","6":"product_cat-diger","7":"product_tag-clio","8":"product_tag-filtre-hava","9":"product_tag-hava-filtresi","10":"product_tag-renault","11":"product_tag-symbol","12":"product_tag-symbol-1-5-dci","14":"first","15":"instock","16":"taxable","17":"shipping-taxable","18":"purchasable","19":"product-type-simple"},"_links":{"self":[{"href":"https:\/\/parcavs.com\/index.php\/wp-json\/wp\/v2\/product\/24368","targetHints":{"allow":["GET"]}}],"collection":[{"href":"https:\/\/parcavs.com\/index.php\/wp-json\/wp\/v2\/product"}],"about":[{"href":"https:\/\/parcavs.com\/index.php\/wp-json\/wp\/v2\/types\/product"}],"replies":[{"embeddable":true,"href":"https:\/\/parcavs.com\/index.php\/wp-json\/wp\/v2\/comments?post=24368"}],"version-history":[{"count":1,"href":"https:\/\/parcavs.com\/index.php\/wp-json\/wp\/v2\/product\/24368\/revisions"}],"predecessor-version":[{"id":24370,"href":"https:\/\/parcavs.com\/index.php\/wp-json\/wp\/v2\/product\/24368\/revisions\/24370"}],"wp:featuredmedia":[{"embeddable":true,"href":"https:\/\/parcavs.com\/index.php\/wp-json\/wp\/v2\/media\/24369"}],"wp:attachment":[{"href":"https:\/\/parcavs.com\/index.php\/wp-json\/wp\/v2\/media?parent=24368"}],"wp:term":[{"taxonomy":"product_brand","embeddable":true,"href":"https:\/\/parcavs.com\/index.php\/wp-json\/wp\/v2\/product_brand?post=24368"},{"taxonomy":"product_cat","embeddable":true,"href":"https:\/\/parcavs.com\/index.php\/wp-json\/wp\/v2\/product_cat?post=24368"},{"taxonomy":"product_tag","embeddable":true,"href":"https:\/\/parcavs.com\/index.php\/wp-json\/wp\/v2\/product_tag?post=24368"}],"curies":[{"name":"wp","href":"https:\/\/api.w.org\/{rel}","templated":true}]}}