{"id":24477,"date":"2023-11-22T12:34:04","date_gmt":"2023-11-22T10:34:04","guid":{"rendered":"https:\/\/parcavs.com\/?post_type=product&#038;p=24477"},"modified":"2024-12-27T00:00:30","modified_gmt":"2024-12-26T22:00:30","slug":"trion-rx-hepa-hava-temizleyici","status":"publish","type":"product","link":"https:\/\/parcavs.com\/index.php\/product\/trion-rx-hepa-hava-temizleyici\/","title":{"rendered":"Trion RX HEPA Hava Temizleyici"},"content":{"rendered":"<p>HEPA Hava Temizleyici Trion RX<br \/>\nTrion Console RX HEPA Hava Temizleyici ta\u015f\u0131nabilir bir oda hava temizleyicisidir.<br \/>\nYakla\u015f\u0131k 60cm uzunlu\u011funda ve 35.50cm\u00a0 enindedir.<br \/>\nHEPA 250, 443910-002 ve 443910-004 modeli olarak da bilinir<br \/>\nFiyatlar\u0131m\u0131za KDV \u00fccreti dahildir<br \/>\nAd\u0131n\u0131za fatural\u0131 olarak g\u00f6nderilecektir.<br \/>\nKargo ta\u015f\u0131ma \u00fccreti al\u0131c\u0131ya aittir.<br \/>\nAnla\u015fmal\u0131 oldu\u011fumuz kargo firmas\u0131 arac\u0131l\u0131\u011f\u0131yla<br \/>\n\u00dccret al\u0131c\u0131 olarak taraf\u0131n\u0131za g\u00f6nderilecektir.<\/p>\n<p>&nbsp;<\/p>\n<p>&nbsp;<\/p>\n","protected":false},"excerpt":{"rendered":"<p><strong>HEPA<\/strong> Hava Temizleyici <strong>Trion RX<\/strong><br \/>\n<strong>Trion Console RX HEPA<\/strong> Hava <strong>Temizleyici<\/strong> ta\u015f\u0131nabilir bir <strong>oda hava<\/strong> temizleyicisidir.<br \/>\nYakla\u015f\u0131k <strong>60 cm uzunlu\u011funda<\/strong> ve <strong>35.50 cm\u00a0 enindedir.<\/strong><br \/>\n<strong>HEPA 250<\/strong>, <strong>443910-002<\/strong> ve <strong>443910-004<\/strong> modeli olarak da bilinir<br \/>\nFiyatlar\u0131m\u0131za <strong>KDV<\/strong> \u00fccreti dahildir<br \/>\nAd\u0131n\u0131za <strong>fatural\u0131<\/strong> olarak g\u00f6nderilecektir.<br \/>\n<strong>Kargo<\/strong> ta\u015f\u0131ma \u00fccreti <strong>al\u0131c\u0131ya<\/strong> aittir.<\/p>\n","protected":false},"featured_media":24478,"comment_status":"open","ping_status":"closed","template":"","meta":{"_monsterinsights_skip_tracking":false,"_monsterinsights_sitenote_active":false,"_monsterinsights_sitenote_note":"","_monsterinsights_sitenote_category":0},"product_brand":[],"product_cat":[15],"product_tag":[5264,5261,5263,5265,5262],"class_list":{"0":"post-24477","1":"product","2":"type-product","3":"status-publish","4":"has-post-thumbnail","6":"product_cat-diger","7":"product_tag-hava-temizleyici","8":"product_tag-hepa","9":"product_tag-trion-console-rx-hepa","10":"product_tag-trion-console-rx-hepa-hava-temizleyici","11":"product_tag-trion-rx","13":"first","14":"instock","15":"taxable","16":"shipping-taxable","17":"purchasable","18":"product-type-simple"},"_links":{"self":[{"href":"https:\/\/parcavs.com\/index.php\/wp-json\/wp\/v2\/product\/24477","targetHints":{"allow":["GET"]}}],"collection":[{"href":"https:\/\/parcavs.com\/index.php\/wp-json\/wp\/v2\/product"}],"about":[{"href":"https:\/\/parcavs.com\/index.php\/wp-json\/wp\/v2\/types\/product"}],"replies":[{"embeddable":true,"href":"https:\/\/parcavs.com\/index.php\/wp-json\/wp\/v2\/comments?post=24477"}],"version-history":[{"count":1,"href":"https:\/\/parcavs.com\/index.php\/wp-json\/wp\/v2\/product\/24477\/revisions"}],"predecessor-version":[{"id":24484,"href":"https:\/\/parcavs.com\/index.php\/wp-json\/wp\/v2\/product\/24477\/revisions\/24484"}],"wp:featuredmedia":[{"embeddable":true,"href":"https:\/\/parcavs.com\/index.php\/wp-json\/wp\/v2\/media\/24478"}],"wp:attachment":[{"href":"https:\/\/parcavs.com\/index.php\/wp-json\/wp\/v2\/media?parent=24477"}],"wp:term":[{"taxonomy":"product_brand","embeddable":true,"href":"https:\/\/parcavs.com\/index.php\/wp-json\/wp\/v2\/product_brand?post=24477"},{"taxonomy":"product_cat","embeddable":true,"href":"https:\/\/parcavs.com\/index.php\/wp-json\/wp\/v2\/product_cat?post=24477"},{"taxonomy":"product_tag","embeddable":true,"href":"https:\/\/parcavs.com\/index.php\/wp-json\/wp\/v2\/product_tag?post=24477"}],"curies":[{"name":"wp","href":"https:\/\/api.w.org\/{rel}","templated":true}]}}