{"id":2772,"date":"2021-04-01T11:08:07","date_gmt":"2021-04-01T08:08:07","guid":{"rendered":"https:\/\/parcavs.com\/?post_type=product&#038;p=2772"},"modified":"2023-02-24T00:00:52","modified_gmt":"2023-02-23T22:00:52","slug":"mitsubishi-srk50zsx-s-18000-inverter-duvar-tipi-klima","status":"publish","type":"product","link":"https:\/\/parcavs.com\/index.php\/product\/mitsubishi-srk50zsx-s-18000-inverter-duvar-tipi-klima\/","title":{"rendered":"Mitsubishi Heavy SRK50ZS-S 18000 Inverter Diamond Serisi Duvar Tipi Klima"},"content":{"rendered":"<p>Mitsubishi Heavy SRK50ZS-S 18000 Inverter Diamond Serisi Duvar Tipi Klima<\/p>\n<p>\u00dccretsiz kargo &#8211; \u00dccretsiz montaj &#8211; KDV dahil olarak<\/p>\n<p>Ad\u0131n\u0131za fatural\u0131 olarak g\u00f6nderilecektir.<\/p>\n","protected":false},"excerpt":{"rendered":"<p>Mitsubishi Heavy SRK50ZS-S 18000 Inverter Diamond Serisi Duvar Tipi Klima<\/p>\n<p>Mitsubishi Heavy SRK 50 ZS-S Duvar Tipi Klima Diamond Serisi \u00d6zellikleri:<\/p>\n<p>Klima Tipi: Duvar<br \/>\nIs\u0131tma Kapasitesi: 18000 Btu<br \/>\nKlima Teknolojisi: Inverter<br \/>\nMarka: Mitsubishi<br \/>\nGaz Tipi: R410A<\/p>\n<p>Fiyatlar\u0131m\u0131za KDV ve kargo \u00fccreti dahildir.<\/p>\n","protected":false},"featured_media":2773,"comment_status":"open","ping_status":"closed","template":"","meta":{"_monsterinsights_skip_tracking":false,"_monsterinsights_sitenote_active":false,"_monsterinsights_sitenote_note":"","_monsterinsights_sitenote_category":0},"product_brand":[],"product_cat":[40],"product_tag":[261,254,74,253,1526],"class_list":{"0":"post-2772","1":"product","2":"type-product","3":"status-publish","4":"has-post-thumbnail","6":"product_cat-klima","7":"product_tag-18000btu","8":"product_tag-duvar","9":"product_tag-klima","10":"product_tag-mitsubishi","11":"product_tag-srk50zs-s","13":"first","14":"outofstock","15":"taxable","16":"shipping-taxable","17":"purchasable","18":"product-type-simple"},"_links":{"self":[{"href":"https:\/\/parcavs.com\/index.php\/wp-json\/wp\/v2\/product\/2772","targetHints":{"allow":["GET"]}}],"collection":[{"href":"https:\/\/parcavs.com\/index.php\/wp-json\/wp\/v2\/product"}],"about":[{"href":"https:\/\/parcavs.com\/index.php\/wp-json\/wp\/v2\/types\/product"}],"replies":[{"embeddable":true,"href":"https:\/\/parcavs.com\/index.php\/wp-json\/wp\/v2\/comments?post=2772"}],"version-history":[{"count":4,"href":"https:\/\/parcavs.com\/index.php\/wp-json\/wp\/v2\/product\/2772\/revisions"}],"predecessor-version":[{"id":9747,"href":"https:\/\/parcavs.com\/index.php\/wp-json\/wp\/v2\/product\/2772\/revisions\/9747"}],"wp:featuredmedia":[{"embeddable":true,"href":"https:\/\/parcavs.com\/index.php\/wp-json\/wp\/v2\/media\/2773"}],"wp:attachment":[{"href":"https:\/\/parcavs.com\/index.php\/wp-json\/wp\/v2\/media?parent=2772"}],"wp:term":[{"taxonomy":"product_brand","embeddable":true,"href":"https:\/\/parcavs.com\/index.php\/wp-json\/wp\/v2\/product_brand?post=2772"},{"taxonomy":"product_cat","embeddable":true,"href":"https:\/\/parcavs.com\/index.php\/wp-json\/wp\/v2\/product_cat?post=2772"},{"taxonomy":"product_tag","embeddable":true,"href":"https:\/\/parcavs.com\/index.php\/wp-json\/wp\/v2\/product_tag?post=2772"}],"curies":[{"name":"wp","href":"https:\/\/api.w.org\/{rel}","templated":true}]}}