{"id":28710,"date":"2024-02-03T11:17:16","date_gmt":"2024-02-03T09:17:16","guid":{"rendered":"https:\/\/parcavs.com\/?post_type=product&#038;p=28710"},"modified":"2024-08-04T00:00:16","modified_gmt":"2024-08-03T21:00:16","slug":"peugeot-3008-5008-1-6-e-hdi-otomatik-sanzuman-robotu-9678905780-p8300aa1","status":"publish","type":"product","link":"https:\/\/parcavs.com\/index.php\/product\/peugeot-3008-5008-1-6-e-hdi-otomatik-sanzuman-robotu-9678905780-p8300aa1\/","title":{"rendered":"Peugeot 3008 5008 1.6 E-HDI Otomatik \u015eanzuman Robotu 9678905780 P8300AA1"},"content":{"rendered":"<p>P8300AA1 Peugeot 3008 5008 1.6 E-HDI Otomatik \u015eanzuman Robotu 9678905780<br \/>\nAkt\u00fcat\u00f6r.Yar\u0131 Otomatik \u015eanz\u0131man Peugeot<br \/>\n\u00dcretici Firma : Magneti Marelli<br \/>\nFiyatlar\u0131m\u0131za KDV \u00fccreti dahildir<br \/>\nAd\u0131n\u0131za fatural\u0131 olarak g\u00f6nderilecektir.<br \/>\nKargo ta\u015f\u0131ma \u00fccreti al\u0131c\u0131ya aittir.<br \/>\nAnla\u015fmal\u0131 oldu\u011fumuz kargo firmas\u0131 arac\u0131l\u0131\u011f\u0131yla<br \/>\n\u00dccret al\u0131c\u0131 olarak taraf\u0131n\u0131za g\u00f6nderilecektir.<\/p>\n<p>&nbsp;<\/p>\n","protected":false},"excerpt":{"rendered":"<p><strong>P8300AA1<\/strong> Peugeot <strong>3008<\/strong> 5008 1.6 E-HDI<strong> Otomatik \u015eanzuman Robotu\u00a0<\/strong>9678905780<br \/>\nOtomatik <strong>\u015eanzuman Robotu\u00a0<\/strong> Peugeot<br \/>\n\u00dcretici Firma : <strong>Magneti Marelli<\/strong><br \/>\nFiyatlar\u0131m\u0131za <strong>KDV<\/strong> \u00fccreti dahildir<br \/>\nAd\u0131n\u0131za <strong>fatural\u0131<\/strong> olarak g\u00f6nderilecektir.<br \/>\n<strong>Kargo<\/strong> ta\u015f\u0131ma \u00fccreti <strong>al\u0131c\u0131ya<\/strong> aittir.<\/p>\n","protected":false},"featured_media":28713,"comment_status":"open","ping_status":"closed","template":"","meta":{"_monsterinsights_skip_tracking":false,"_monsterinsights_sitenote_active":false,"_monsterinsights_sitenote_note":"","_monsterinsights_sitenote_category":0},"product_brand":[],"product_cat":[15],"product_tag":[8358,8360,8359,8361,8363,8364,8362,5146],"class_list":{"0":"post-28710","1":"product","2":"type-product","3":"status-publish","4":"has-post-thumbnail","6":"product_cat-diger","7":"product_tag-8358","8":"product_tag-3008-5008-1-6-e-hdi","9":"product_tag-8359","10":"product_tag-8361","11":"product_tag-magneti-marelli","12":"product_tag-otomatik-sanzuman-robotu","13":"product_tag-p8300aa1","14":"product_tag-peugeot","16":"first","17":"instock","18":"taxable","19":"shipping-taxable","20":"purchasable","21":"product-type-simple"},"_links":{"self":[{"href":"https:\/\/parcavs.com\/index.php\/wp-json\/wp\/v2\/product\/28710","targetHints":{"allow":["GET"]}}],"collection":[{"href":"https:\/\/parcavs.com\/index.php\/wp-json\/wp\/v2\/product"}],"about":[{"href":"https:\/\/parcavs.com\/index.php\/wp-json\/wp\/v2\/types\/product"}],"replies":[{"embeddable":true,"href":"https:\/\/parcavs.com\/index.php\/wp-json\/wp\/v2\/comments?post=28710"}],"version-history":[{"count":1,"href":"https:\/\/parcavs.com\/index.php\/wp-json\/wp\/v2\/product\/28710\/revisions"}],"predecessor-version":[{"id":28717,"href":"https:\/\/parcavs.com\/index.php\/wp-json\/wp\/v2\/product\/28710\/revisions\/28717"}],"wp:featuredmedia":[{"embeddable":true,"href":"https:\/\/parcavs.com\/index.php\/wp-json\/wp\/v2\/media\/28713"}],"wp:attachment":[{"href":"https:\/\/parcavs.com\/index.php\/wp-json\/wp\/v2\/media?parent=28710"}],"wp:term":[{"taxonomy":"product_brand","embeddable":true,"href":"https:\/\/parcavs.com\/index.php\/wp-json\/wp\/v2\/product_brand?post=28710"},{"taxonomy":"product_cat","embeddable":true,"href":"https:\/\/parcavs.com\/index.php\/wp-json\/wp\/v2\/product_cat?post=28710"},{"taxonomy":"product_tag","embeddable":true,"href":"https:\/\/parcavs.com\/index.php\/wp-json\/wp\/v2\/product_tag?post=28710"}],"curies":[{"name":"wp","href":"https:\/\/api.w.org\/{rel}","templated":true}]}}