{"id":28752,"date":"2024-02-03T14:49:51","date_gmt":"2024-02-03T12:49:51","guid":{"rendered":"https:\/\/parcavs.com\/?post_type=product&#038;p=28752"},"modified":"2024-08-04T00:00:16","modified_gmt":"2024-08-03T21:00:16","slug":"fiat-ford-peugeot-yag-filtresi-ch10066eco","status":"publish","type":"product","link":"https:\/\/parcavs.com\/index.php\/product\/fiat-ford-peugeot-yag-filtresi-ch10066eco\/","title":{"rendered":"Fiat Ford Peugeot Ya\u011f Filtresi CH10066ECO"},"content":{"rendered":"<p>CH10066ECO Fiat Ford Peugeot Ya\u011f Filtresi<br \/>\nFiltre Ya\u011f Fiat Ford Peugeot<br \/>\nFiat 9467521180<br \/>\nFord 1303476<br \/>\nPeugeot 1109AH<br \/>\n\u00dcretici Firma : A.FRM CH10066ECO<br \/>\nFiyatlar\u0131m\u0131za KDV \u00fccreti dahildir<br \/>\nAd\u0131n\u0131za fatural\u0131 olarak g\u00f6nderilecektir.<br \/>\nKargo ta\u015f\u0131ma \u00fccreti al\u0131c\u0131ya aittir.<br \/>\nAnla\u015fmal\u0131 oldu\u011fumuz kargo firmas\u0131 arac\u0131l\u0131\u011f\u0131yla<br \/>\n\u00dccret al\u0131c\u0131 olarak taraf\u0131n\u0131za g\u00f6nderilecektir.<\/p>\n","protected":false},"excerpt":{"rendered":"<p><strong>CH10066ECO<\/strong> Fiat <strong>Ford<\/strong> Peugeot <strong>Ya\u011f Filtresi<\/strong><br \/>\n<strong>Filtre Ya\u011f<\/strong> Fiat Ford <strong>Peugeot<\/strong><br \/>\n<strong>Fiat<\/strong> 9467521180<br \/>\n<strong>Ford<\/strong> 1303476<br \/>\n<strong>Peugeot<\/strong> 1109AH<br \/>\n\u00dcretici Firma : <strong>A.FRM CH10066ECO<\/strong><br \/>\nFiyatlar\u0131m\u0131za <strong>KDV<\/strong> \u00fccreti dahildir<br \/>\nAd\u0131n\u0131za <strong>fatural\u0131<\/strong> olarak g\u00f6nderilecektir.<br \/>\n<strong>Kargo<\/strong> ta\u015f\u0131ma \u00fccreti <strong>al\u0131c\u0131ya<\/strong> aittir.<\/p>\n","protected":false},"featured_media":28753,"comment_status":"open","ping_status":"closed","template":"","meta":{"_monsterinsights_skip_tracking":false,"_monsterinsights_sitenote_active":false,"_monsterinsights_sitenote_note":"","_monsterinsights_sitenote_category":0},"product_brand":[],"product_cat":[15],"product_tag":[8390,8389,8388,8391,8392,151,3432,1838,5146,1094],"class_list":{"0":"post-28752","1":"product","2":"type-product","3":"status-publish","4":"has-post-thumbnail","6":"product_cat-diger","7":"product_tag-1109ah","8":"product_tag-8389","9":"product_tag-8388","10":"product_tag-a-frm-ch10066eco","11":"product_tag-ch10066eco","12":"product_tag-fiat","13":"product_tag-filtre-yag","14":"product_tag-ford","15":"product_tag-peugeot","16":"product_tag-yag-filtresi","18":"first","19":"instock","20":"taxable","21":"shipping-taxable","22":"purchasable","23":"product-type-simple"},"_links":{"self":[{"href":"https:\/\/parcavs.com\/index.php\/wp-json\/wp\/v2\/product\/28752","targetHints":{"allow":["GET"]}}],"collection":[{"href":"https:\/\/parcavs.com\/index.php\/wp-json\/wp\/v2\/product"}],"about":[{"href":"https:\/\/parcavs.com\/index.php\/wp-json\/wp\/v2\/types\/product"}],"replies":[{"embeddable":true,"href":"https:\/\/parcavs.com\/index.php\/wp-json\/wp\/v2\/comments?post=28752"}],"version-history":[{"count":1,"href":"https:\/\/parcavs.com\/index.php\/wp-json\/wp\/v2\/product\/28752\/revisions"}],"predecessor-version":[{"id":28755,"href":"https:\/\/parcavs.com\/index.php\/wp-json\/wp\/v2\/product\/28752\/revisions\/28755"}],"wp:featuredmedia":[{"embeddable":true,"href":"https:\/\/parcavs.com\/index.php\/wp-json\/wp\/v2\/media\/28753"}],"wp:attachment":[{"href":"https:\/\/parcavs.com\/index.php\/wp-json\/wp\/v2\/media?parent=28752"}],"wp:term":[{"taxonomy":"product_brand","embeddable":true,"href":"https:\/\/parcavs.com\/index.php\/wp-json\/wp\/v2\/product_brand?post=28752"},{"taxonomy":"product_cat","embeddable":true,"href":"https:\/\/parcavs.com\/index.php\/wp-json\/wp\/v2\/product_cat?post=28752"},{"taxonomy":"product_tag","embeddable":true,"href":"https:\/\/parcavs.com\/index.php\/wp-json\/wp\/v2\/product_tag?post=28752"}],"curies":[{"name":"wp","href":"https:\/\/api.w.org\/{rel}","templated":true}]}}