{"id":28794,"date":"2024-02-05T12:58:51","date_gmt":"2024-02-05T10:58:51","guid":{"rendered":"https:\/\/parcavs.com\/?post_type=product&#038;p=28794"},"modified":"2024-08-06T00:00:08","modified_gmt":"2024-08-05T21:00:08","slug":"skf-tek-sirali-sabit-bilyali-rulman-62072rs1-c3","status":"publish","type":"product","link":"https:\/\/parcavs.com\/index.php\/product\/skf-tek-sirali-sabit-bilyali-rulman-62072rs1-c3\/","title":{"rendered":"SKF Tek S\u0131ral\u0131 Sabit Bilyal\u0131 Rulman 62072RS1\/C3"},"content":{"rendered":"<p>62072RS1\/C3 SKF Tek S\u0131ral\u0131 Sabit Bilyal\u0131 Rulman<br \/>\nHer \u0130ki Taraf\u0131 S\u0131zd\u0131rmaz U\u00e7lu Tip 35X72X17mm<br \/>\n\u00dcretici Firma: SKF<br \/>\nFiyatlar\u0131m\u0131za KDV \u00fccreti dahildir<br \/>\nAd\u0131n\u0131za fatural\u0131 olarak g\u00f6nderilecektir.<br \/>\nKargo ta\u015f\u0131ma \u00fccreti al\u0131c\u0131ya aittir.<br \/>\nAnla\u015fmal\u0131 oldu\u011fumuz kargo firmas\u0131 arac\u0131l\u0131\u011f\u0131yla<br \/>\n\u00dccret al\u0131c\u0131 olarak taraf\u0131n\u0131za g\u00f6nderilecektir.<\/p>\n<p>&nbsp;<\/p>\n","protected":false},"excerpt":{"rendered":"<p><strong>62072RS1\/C3<\/strong> SKF <strong>Tek S\u0131ral\u0131 Sabit Bilyal\u0131 Rulman<\/strong><br \/>\n<strong>Her \u0130ki Taraf\u0131 S\u0131zd\u0131rmaz U\u00e7lu Tip<\/strong> 35X72X17mm<br \/>\n\u00dcretici Firma: <strong>SKF<\/strong><br \/>\nFiyatlar\u0131m\u0131za <strong>KDV<\/strong> \u00fccreti dahildir<br \/>\nAd\u0131n\u0131za <strong>fatural\u0131<\/strong> olarak g\u00f6nderilecektir.<br \/>\n<strong>Kargo<\/strong> ta\u015f\u0131ma \u00fccreti <strong>al\u0131c\u0131ya<\/strong> aittir.<\/p>\n","protected":false},"featured_media":28796,"comment_status":"open","ping_status":"closed","template":"","meta":{"_monsterinsights_skip_tracking":false,"_monsterinsights_sitenote_active":false,"_monsterinsights_sitenote_note":"","_monsterinsights_sitenote_category":0},"product_brand":[],"product_cat":[15],"product_tag":[8427,8430,8426,8428,8424,8425,8429],"class_list":{"0":"post-28794","1":"product","2":"type-product","3":"status-publish","4":"has-post-thumbnail","6":"product_cat-diger","7":"product_tag-35x72x17mm","8":"product_tag-62072rs1-c3","9":"product_tag-her-iki-tarafi-sizdirmaz-uclu-tip","10":"product_tag-her-iki-tarafi-sizdirmaz-uclu-tip-35x72x17mm","11":"product_tag-skf","12":"product_tag-tek-sirali-sabit-bilyali-rulman","13":"product_tag-tek-sirali-sabit-bilyali-rulman-35x72x17mman","15":"first","16":"instock","17":"taxable","18":"shipping-taxable","19":"purchasable","20":"product-type-simple"},"_links":{"self":[{"href":"https:\/\/parcavs.com\/index.php\/wp-json\/wp\/v2\/product\/28794","targetHints":{"allow":["GET"]}}],"collection":[{"href":"https:\/\/parcavs.com\/index.php\/wp-json\/wp\/v2\/product"}],"about":[{"href":"https:\/\/parcavs.com\/index.php\/wp-json\/wp\/v2\/types\/product"}],"replies":[{"embeddable":true,"href":"https:\/\/parcavs.com\/index.php\/wp-json\/wp\/v2\/comments?post=28794"}],"version-history":[{"count":2,"href":"https:\/\/parcavs.com\/index.php\/wp-json\/wp\/v2\/product\/28794\/revisions"}],"predecessor-version":[{"id":29061,"href":"https:\/\/parcavs.com\/index.php\/wp-json\/wp\/v2\/product\/28794\/revisions\/29061"}],"wp:featuredmedia":[{"embeddable":true,"href":"https:\/\/parcavs.com\/index.php\/wp-json\/wp\/v2\/media\/28796"}],"wp:attachment":[{"href":"https:\/\/parcavs.com\/index.php\/wp-json\/wp\/v2\/media?parent=28794"}],"wp:term":[{"taxonomy":"product_brand","embeddable":true,"href":"https:\/\/parcavs.com\/index.php\/wp-json\/wp\/v2\/product_brand?post=28794"},{"taxonomy":"product_cat","embeddable":true,"href":"https:\/\/parcavs.com\/index.php\/wp-json\/wp\/v2\/product_cat?post=28794"},{"taxonomy":"product_tag","embeddable":true,"href":"https:\/\/parcavs.com\/index.php\/wp-json\/wp\/v2\/product_tag?post=28794"}],"curies":[{"name":"wp","href":"https:\/\/api.w.org\/{rel}","templated":true}]}}