{"id":28826,"date":"2024-02-05T16:13:24","date_gmt":"2024-02-05T14:13:24","guid":{"rendered":"https:\/\/parcavs.com\/?post_type=product&#038;p=28826"},"modified":"2024-08-06T00:00:08","modified_gmt":"2024-08-05T21:00:08","slug":"narva-ac-12v-h4-60-55w-43t-ampul-tirnakli-48881","status":"publish","type":"product","link":"https:\/\/parcavs.com\/index.php\/product\/narva-ac-12v-h4-60-55w-43t-ampul-tirnakli-48881\/","title":{"rendered":"Narva AC 12V H4 60\/55W 43T Ampul T\u0131rnakl\u0131 48881"},"content":{"rendered":"<p>48881 Narva AC 12V H4 60\/55W 43T Ampul T\u0131rnakl\u0131<br \/>\nT\u0131rnakl\u0131 Ampul 12V 60\/55 Watt<br \/>\n\u00dcretici Firma: Narva<br \/>\nFiyatlar\u0131m\u0131za KDV \u00fccreti dahildir<br \/>\nAd\u0131n\u0131za fatural\u0131 olarak g\u00f6nderilecektir.<br \/>\nKargo ta\u015f\u0131ma \u00fccreti al\u0131c\u0131ya aittir.<br \/>\nAnla\u015fmal\u0131 oldu\u011fumuz kargo firmas\u0131 arac\u0131l\u0131\u011f\u0131yla<br \/>\n\u00dccret al\u0131c\u0131 olarak taraf\u0131n\u0131za g\u00f6nderilecektir.<\/p>\n","protected":false},"excerpt":{"rendered":"<p><strong>48881<\/strong> Narva <strong>AC 12V H4 60\/55W 43T<\/strong> Ampul T\u0131rnakl\u0131<br \/>\n<strong>T\u0131rnakl\u0131 Ampul<\/strong> 12V 60\/55 Watt<br \/>\n\u00dcretici Firma: <strong>Narva<\/strong><br \/>\nFiyatlar\u0131m\u0131za <strong>KDV<\/strong> \u00fccreti dahildir<br \/>\nAd\u0131n\u0131za <strong>fatural\u0131<\/strong> olarak g\u00f6nderilecektir.<br \/>\n<strong>Kargo<\/strong> ta\u015f\u0131ma \u00fccreti <strong>al\u0131c\u0131ya<\/strong> aittir.<\/p>\n","protected":false},"featured_media":28827,"comment_status":"open","ping_status":"closed","template":"","meta":{"_monsterinsights_skip_tracking":false,"_monsterinsights_sitenote_active":false,"_monsterinsights_sitenote_note":"","_monsterinsights_sitenote_category":0},"product_brand":[],"product_cat":[15],"product_tag":[8472,8469,8470,5810,8471],"class_list":{"0":"post-28826","1":"product","2":"type-product","3":"status-publish","4":"has-post-thumbnail","6":"product_cat-diger","7":"product_tag-8472","8":"product_tag-ac-12v-h4-60-55w-43t","9":"product_tag-ampul-tirnakli","10":"product_tag-narva","11":"product_tag-tirnakli-ampul","13":"first","14":"instock","15":"taxable","16":"shipping-taxable","17":"purchasable","18":"product-type-simple"},"_links":{"self":[{"href":"https:\/\/parcavs.com\/index.php\/wp-json\/wp\/v2\/product\/28826","targetHints":{"allow":["GET"]}}],"collection":[{"href":"https:\/\/parcavs.com\/index.php\/wp-json\/wp\/v2\/product"}],"about":[{"href":"https:\/\/parcavs.com\/index.php\/wp-json\/wp\/v2\/types\/product"}],"replies":[{"embeddable":true,"href":"https:\/\/parcavs.com\/index.php\/wp-json\/wp\/v2\/comments?post=28826"}],"version-history":[{"count":1,"href":"https:\/\/parcavs.com\/index.php\/wp-json\/wp\/v2\/product\/28826\/revisions"}],"predecessor-version":[{"id":28828,"href":"https:\/\/parcavs.com\/index.php\/wp-json\/wp\/v2\/product\/28826\/revisions\/28828"}],"wp:featuredmedia":[{"embeddable":true,"href":"https:\/\/parcavs.com\/index.php\/wp-json\/wp\/v2\/media\/28827"}],"wp:attachment":[{"href":"https:\/\/parcavs.com\/index.php\/wp-json\/wp\/v2\/media?parent=28826"}],"wp:term":[{"taxonomy":"product_brand","embeddable":true,"href":"https:\/\/parcavs.com\/index.php\/wp-json\/wp\/v2\/product_brand?post=28826"},{"taxonomy":"product_cat","embeddable":true,"href":"https:\/\/parcavs.com\/index.php\/wp-json\/wp\/v2\/product_cat?post=28826"},{"taxonomy":"product_tag","embeddable":true,"href":"https:\/\/parcavs.com\/index.php\/wp-json\/wp\/v2\/product_tag?post=28826"}],"curies":[{"name":"wp","href":"https:\/\/api.w.org\/{rel}","templated":true}]}}