{"id":29002,"date":"2024-02-08T10:59:08","date_gmt":"2024-02-08T08:59:08","guid":{"rendered":"https:\/\/parcavs.com\/?post_type=product&#038;p=29002"},"modified":"2024-08-09T00:00:00","modified_gmt":"2024-08-08T21:00:00","slug":"jelpc-duz-ekleme-pnomatik-valf-baglanti-elemani-16mmx16mm","status":"publish","type":"product","link":"https:\/\/parcavs.com\/index.php\/product\/jelpc-duz-ekleme-pnomatik-valf-baglanti-elemani-16mmx16mm\/","title":{"rendered":"Jelpc D\u00fcz Ekleme Pn\u00f6matik Valf Ba\u011flant\u0131 Eleman\u0131 16mmx16mm"},"content":{"rendered":"<p>Jelpc D\u00fcz Ekleme Pn\u00f6matik Valf Ba\u011flant\u0131 Eleman\u0131 16mmx16mm<br \/>\nPn\u00f6matik Red\u00fcksiyon<br \/>\n\u00dcretici Firma: Jelpc<br \/>\nFiyatlar\u0131m\u0131za KDV \u00fccreti dahildir<br \/>\nAd\u0131n\u0131za fatural\u0131 olarak g\u00f6nderilecektir.<br \/>\nKargo ta\u015f\u0131ma \u00fccreti al\u0131c\u0131ya aittir.<br \/>\nAnla\u015fmal\u0131 oldu\u011fumuz kargo firmas\u0131 arac\u0131l\u0131\u011f\u0131yla<br \/>\n\u00dccret al\u0131c\u0131 olarak taraf\u0131n\u0131za g\u00f6nderilecektir.<\/p>\n<p>&nbsp;<\/p>\n","protected":false},"excerpt":{"rendered":"<p><strong>Jelpcd\u00fcz16\u00a0<\/strong> D\u00fcz Ekleme <strong>Pn\u00f6matik Valf Ba\u011flant\u0131 Eleman\u0131 16mmx16mm<\/strong><br \/>\n<strong>Pn\u00f6matik<\/strong> Red\u00fcksiyon<br \/>\n\u00dcretici Firma: <strong>Jelpc<\/strong><br \/>\nFiyatlar\u0131m\u0131za <strong>KDV<\/strong> \u00fccreti dahildir<br \/>\nAd\u0131n\u0131za <strong>fatural\u0131<\/strong> olarak g\u00f6nderilecektir.<br \/>\n<strong>Kargo<\/strong> ta\u015f\u0131ma \u00fccreti <strong>al\u0131c\u0131ya<\/strong> aittir.<\/p>\n","protected":false},"featured_media":29004,"comment_status":"open","ping_status":"closed","template":"","meta":{"_monsterinsights_skip_tracking":false,"_monsterinsights_sitenote_active":false,"_monsterinsights_sitenote_note":"","_monsterinsights_sitenote_category":0},"product_brand":[],"product_cat":[15],"product_tag":[8659,8653,8681,8656,8682],"class_list":{"0":"post-29002","1":"product","2":"type-product","3":"status-publish","4":"has-post-thumbnail","6":"product_cat-diger","7":"product_tag-duz-ekleme","8":"product_tag-jelpc","9":"product_tag-jelpcduz16","10":"product_tag-pnomatik-reduksiyon","11":"product_tag-pnomatik-valf-baglanti-elemani-16mmx16mm","13":"first","14":"instock","15":"taxable","16":"shipping-taxable","17":"purchasable","18":"product-type-simple"},"_links":{"self":[{"href":"https:\/\/parcavs.com\/index.php\/wp-json\/wp\/v2\/product\/29002","targetHints":{"allow":["GET"]}}],"collection":[{"href":"https:\/\/parcavs.com\/index.php\/wp-json\/wp\/v2\/product"}],"about":[{"href":"https:\/\/parcavs.com\/index.php\/wp-json\/wp\/v2\/types\/product"}],"replies":[{"embeddable":true,"href":"https:\/\/parcavs.com\/index.php\/wp-json\/wp\/v2\/comments?post=29002"}],"version-history":[{"count":1,"href":"https:\/\/parcavs.com\/index.php\/wp-json\/wp\/v2\/product\/29002\/revisions"}],"predecessor-version":[{"id":29005,"href":"https:\/\/parcavs.com\/index.php\/wp-json\/wp\/v2\/product\/29002\/revisions\/29005"}],"wp:featuredmedia":[{"embeddable":true,"href":"https:\/\/parcavs.com\/index.php\/wp-json\/wp\/v2\/media\/29004"}],"wp:attachment":[{"href":"https:\/\/parcavs.com\/index.php\/wp-json\/wp\/v2\/media?parent=29002"}],"wp:term":[{"taxonomy":"product_brand","embeddable":true,"href":"https:\/\/parcavs.com\/index.php\/wp-json\/wp\/v2\/product_brand?post=29002"},{"taxonomy":"product_cat","embeddable":true,"href":"https:\/\/parcavs.com\/index.php\/wp-json\/wp\/v2\/product_cat?post=29002"},{"taxonomy":"product_tag","embeddable":true,"href":"https:\/\/parcavs.com\/index.php\/wp-json\/wp\/v2\/product_tag?post=29002"}],"curies":[{"name":"wp","href":"https:\/\/api.w.org\/{rel}","templated":true}]}}