{"id":29063,"date":"2024-02-08T16:39:02","date_gmt":"2024-02-08T14:39:02","guid":{"rendered":"https:\/\/parcavs.com\/?post_type=product&#038;p=29063"},"modified":"2024-08-09T00:00:01","modified_gmt":"2024-08-08T21:00:01","slug":"ntn-egri-konik-rulman-34-93x65-09x18-03mm-lm48548l-lm48510-131412","status":"publish","type":"product","link":"https:\/\/parcavs.com\/index.php\/product\/ntn-egri-konik-rulman-34-93x65-09x18-03mm-lm48548l-lm48510-131412\/","title":{"rendered":"NTN E\u011fri Konik Rulman 34.93\u00d765.09\u00d718.03mm LM48548L\/LM48510 131412"},"content":{"rendered":"<p>131412 NTN E\u011fri Konik Rulman 34.93\u00d765.09\u00d718.03mm LM48548L\/LM48510<br \/>\nRulman E\u011fri Konik<br \/>\n\u00dcretici Firma: NTN<br \/>\nFiyatlar\u0131m\u0131za KDV \u00fccreti dahildir<br \/>\nAd\u0131n\u0131za fatural\u0131 olarak g\u00f6nderilecektir.<br \/>\nKargo ta\u015f\u0131ma \u00fccreti al\u0131c\u0131ya aittir.<br \/>\nAnla\u015fmal\u0131 oldu\u011fumuz kargo firmas\u0131 arac\u0131l\u0131\u011f\u0131yla<br \/>\n\u00dccret al\u0131c\u0131 olarak taraf\u0131n\u0131za g\u00f6nderilecektir.<\/p>\n","protected":false},"excerpt":{"rendered":"<p><strong>131412<\/strong> NTN <strong>E\u011fri Konik Rulman<\/strong> 34.93\u00d765.09\u00d718.03mm<strong> LM48548L\/LM48510<\/strong><br \/>\n<strong>Rulman E\u011fr<\/strong>i Konik<br \/>\n\u00dcretici Firma: <strong>NTN<\/strong><br \/>\nFiyatlar\u0131m\u0131za <strong>KDV<\/strong> \u00fccreti dahildir<br \/>\nAd\u0131n\u0131za <strong>fatural\u0131<\/strong> olarak g\u00f6nderilecektir.<br \/>\n<strong>Kargo<\/strong> ta\u015f\u0131ma \u00fccreti <strong>al\u0131c\u0131ya<\/strong> aittir.<\/p>\n","protected":false},"featured_media":29064,"comment_status":"open","ping_status":"closed","template":"","meta":{"_monsterinsights_skip_tracking":false,"_monsterinsights_sitenote_active":false,"_monsterinsights_sitenote_note":"","_monsterinsights_sitenote_category":0},"product_brand":[],"product_cat":[15],"product_tag":[8713,8709,8710,8711,8708,8712],"class_list":{"0":"post-29063","1":"product","2":"type-product","3":"status-publish","4":"has-post-thumbnail","6":"product_cat-diger","7":"product_tag-8713","8":"product_tag-egri-konik-rulman","9":"product_tag-egri-konik-rulman-34-93x65-09x18-03mm","10":"product_tag-lm48548l-lm48510","11":"product_tag-ntn","12":"product_tag-rulman-egri-konik","14":"first","15":"instock","16":"taxable","17":"shipping-taxable","18":"purchasable","19":"product-type-simple"},"_links":{"self":[{"href":"https:\/\/parcavs.com\/index.php\/wp-json\/wp\/v2\/product\/29063","targetHints":{"allow":["GET"]}}],"collection":[{"href":"https:\/\/parcavs.com\/index.php\/wp-json\/wp\/v2\/product"}],"about":[{"href":"https:\/\/parcavs.com\/index.php\/wp-json\/wp\/v2\/types\/product"}],"replies":[{"embeddable":true,"href":"https:\/\/parcavs.com\/index.php\/wp-json\/wp\/v2\/comments?post=29063"}],"version-history":[{"count":1,"href":"https:\/\/parcavs.com\/index.php\/wp-json\/wp\/v2\/product\/29063\/revisions"}],"predecessor-version":[{"id":29065,"href":"https:\/\/parcavs.com\/index.php\/wp-json\/wp\/v2\/product\/29063\/revisions\/29065"}],"wp:featuredmedia":[{"embeddable":true,"href":"https:\/\/parcavs.com\/index.php\/wp-json\/wp\/v2\/media\/29064"}],"wp:attachment":[{"href":"https:\/\/parcavs.com\/index.php\/wp-json\/wp\/v2\/media?parent=29063"}],"wp:term":[{"taxonomy":"product_brand","embeddable":true,"href":"https:\/\/parcavs.com\/index.php\/wp-json\/wp\/v2\/product_brand?post=29063"},{"taxonomy":"product_cat","embeddable":true,"href":"https:\/\/parcavs.com\/index.php\/wp-json\/wp\/v2\/product_cat?post=29063"},{"taxonomy":"product_tag","embeddable":true,"href":"https:\/\/parcavs.com\/index.php\/wp-json\/wp\/v2\/product_tag?post=29063"}],"curies":[{"name":"wp","href":"https:\/\/api.w.org\/{rel}","templated":true}]}}