{"id":30259,"date":"2024-02-26T09:46:15","date_gmt":"2024-02-26T07:46:15","guid":{"rendered":"https:\/\/parcavs.com\/?post_type=product&#038;p=30259"},"modified":"2024-08-27T00:00:09","modified_gmt":"2024-08-26T21:00:09","slug":"ayyildiz-agir-hizmet-hortum-kelepcesi-37-40-11-4","status":"publish","type":"product","link":"https:\/\/parcavs.com\/index.php\/product\/ayyildiz-agir-hizmet-hortum-kelepcesi-37-40-11-4\/","title":{"rendered":"Ayy\u0131ld\u0131z A\u011f\u0131r Hizmet Hortum Kelep\u00e7esi 37\/40\/11\/4"},"content":{"rendered":"<p>37\/40\/11\/4 Ayy\u0131ld\u0131z A\u011f\u0131r Hizmet Hortum Kelep\u00e7esi<br \/>\nKelep\u00e7e.A\u011f\u0131r Hizmet Hortum<br \/>\n\u00dcretici Firma: Ayy\u0131ld\u0131z<br \/>\nFiyatlar\u0131m\u0131za KDV \u00fccreti dahildir<br \/>\nAd\u0131n\u0131za fatural\u0131 olarak g\u00f6nderilecektir.<br \/>\nKargo ta\u015f\u0131ma \u00fccreti al\u0131c\u0131ya aittir.<br \/>\nAnla\u015fmal\u0131 oldu\u011fumuz kargo firmas\u0131 arac\u0131l\u0131\u011f\u0131yla<br \/>\n\u00dccret al\u0131c\u0131 olarak taraf\u0131n\u0131za g\u00f6nderilecektir.<\/p>\n<p>&nbsp;<\/p>\n","protected":false},"excerpt":{"rendered":"<p><strong>37\/40\/11\/4<\/strong> Ayy\u0131ld\u0131z <strong>A\u011f\u0131r Hizmet Hortum Kelep\u00e7esi\u00a0<\/strong><br \/>\n<strong>Kelep\u00e7e.<\/strong> A\u011f\u0131r Hizmet Hortum<br \/>\n\u00dcretici Firma: <strong>Ayy\u0131ld\u0131z<\/strong><br \/>\nFiyatlar\u0131m\u0131za <strong>KDV<\/strong> \u00fccreti dahildir<br \/>\nAd\u0131n\u0131za <strong>fatural\u0131<\/strong> olarak g\u00f6nderilecektir.<br \/>\n<strong>Kargo<\/strong> ta\u015f\u0131ma \u00fccreti <strong>al\u0131c\u0131ya<\/strong> aittir.<\/p>\n","protected":false},"featured_media":30260,"comment_status":"open","ping_status":"closed","template":"","meta":{"_monsterinsights_skip_tracking":false,"_monsterinsights_sitenote_active":false,"_monsterinsights_sitenote_note":"","_monsterinsights_sitenote_category":0},"product_brand":[],"product_cat":[15],"product_tag":[9684,9685,9683,9686],"class_list":{"0":"post-30259","1":"product","2":"type-product","3":"status-publish","4":"has-post-thumbnail","6":"product_cat-diger","7":"product_tag-37-40-11-4","8":"product_tag-agir-hizmet-hortum-kelepcesi","9":"product_tag-ayyildiz","10":"product_tag-kelepce-agir-hizmet-hortum","12":"first","13":"instock","14":"taxable","15":"shipping-taxable","16":"purchasable","17":"product-type-simple"},"_links":{"self":[{"href":"https:\/\/parcavs.com\/index.php\/wp-json\/wp\/v2\/product\/30259","targetHints":{"allow":["GET"]}}],"collection":[{"href":"https:\/\/parcavs.com\/index.php\/wp-json\/wp\/v2\/product"}],"about":[{"href":"https:\/\/parcavs.com\/index.php\/wp-json\/wp\/v2\/types\/product"}],"replies":[{"embeddable":true,"href":"https:\/\/parcavs.com\/index.php\/wp-json\/wp\/v2\/comments?post=30259"}],"version-history":[{"count":1,"href":"https:\/\/parcavs.com\/index.php\/wp-json\/wp\/v2\/product\/30259\/revisions"}],"predecessor-version":[{"id":30263,"href":"https:\/\/parcavs.com\/index.php\/wp-json\/wp\/v2\/product\/30259\/revisions\/30263"}],"wp:featuredmedia":[{"embeddable":true,"href":"https:\/\/parcavs.com\/index.php\/wp-json\/wp\/v2\/media\/30260"}],"wp:attachment":[{"href":"https:\/\/parcavs.com\/index.php\/wp-json\/wp\/v2\/media?parent=30259"}],"wp:term":[{"taxonomy":"product_brand","embeddable":true,"href":"https:\/\/parcavs.com\/index.php\/wp-json\/wp\/v2\/product_brand?post=30259"},{"taxonomy":"product_cat","embeddable":true,"href":"https:\/\/parcavs.com\/index.php\/wp-json\/wp\/v2\/product_cat?post=30259"},{"taxonomy":"product_tag","embeddable":true,"href":"https:\/\/parcavs.com\/index.php\/wp-json\/wp\/v2\/product_tag?post=30259"}],"curies":[{"name":"wp","href":"https:\/\/api.w.org\/{rel}","templated":true}]}}