{"id":31402,"date":"2024-03-16T14:56:10","date_gmt":"2024-03-16T12:56:10","guid":{"rendered":"https:\/\/parcavs.com\/?post_type=product&#038;p=31402"},"modified":"2024-09-17T00:00:37","modified_gmt":"2024-09-16T21:00:37","slug":"orjinal-renault-clio-megane-kango-1-5dci-vakum-pompa-contasi-7701045660","status":"publish","type":"product","link":"https:\/\/parcavs.com\/index.php\/product\/orjinal-renault-clio-megane-kango-1-5dci-vakum-pompa-contasi-7701045660\/","title":{"rendered":"Orjinal Renault Clio Megane Kango 1.5Dci Vakum Pompa Contas\u0131 7701045660"},"content":{"rendered":"<p>7701045660 Orjinal Renault Clio Megane Kango 1.5Dci Vakum Pompa Contas\u0131<br \/>\nConta.Vakum Pompa Renault<br \/>\n%100 Orjinal Renault Clio Megane Kango Yedek Par\u00e7a<br \/>\nFiyatlar\u0131m\u0131za KDV \u00fccreti dahildir<br \/>\nAd\u0131n\u0131za fatural\u0131 olarak g\u00f6nderilecektir.<br \/>\nKargo ta\u015f\u0131ma \u00fccreti al\u0131c\u0131ya aittir.<br \/>\nAnla\u015fmal\u0131 oldu\u011fumuz kargo firmas\u0131 arac\u0131l\u0131\u011f\u0131yla<br \/>\n\u00dccret al\u0131c\u0131 olarak taraf\u0131n\u0131za g\u00f6nderilecektir.<\/p>\n","protected":false},"excerpt":{"rendered":"<p><strong>7701045660<\/strong> Orjinal <strong>Renault<\/strong> Clio Megane Kango 1.5 Dci <strong>Vakum Pompa Contas\u0131<\/strong><br \/>\n<strong>Conta.Vakum Pompa<\/strong> Renault<br \/>\n%100 <strong>Orjinal<\/strong> Renault <strong>Clio Megane Kango<\/strong><br \/>\nFiyatlar\u0131m\u0131za <strong>KDV<\/strong> \u00fccreti dahildir<br \/>\nAd\u0131n\u0131za <strong>fatural\u0131<\/strong> olarak g\u00f6nderilecektir.<br \/>\n<strong>Kargo<\/strong> ta\u015f\u0131ma \u00fccreti <strong>al\u0131c\u0131ya<\/strong> aittir.<\/p>\n","protected":false},"featured_media":31405,"comment_status":"open","ping_status":"closed","template":"","meta":{"_monsterinsights_skip_tracking":false,"_monsterinsights_sitenote_active":false,"_monsterinsights_sitenote_note":"","_monsterinsights_sitenote_category":0},"product_brand":[],"product_cat":[15],"product_tag":[10782,5205,10780,10778,10776,10779,10775,10781,5200,10777],"class_list":{"0":"post-31402","1":"product","2":"type-product","3":"status-publish","4":"has-post-thumbnail","6":"product_cat-diger","7":"product_tag-10782","8":"product_tag-clio","9":"product_tag-clio-1-5-dci","10":"product_tag-conta-vakum-pompa","11":"product_tag-kango","12":"product_tag-kango-1-5-dci","13":"product_tag-megane","14":"product_tag-megane-1-5-dci","15":"product_tag-renault","16":"product_tag-vakum-pompa-contasi","18":"first","19":"instock","20":"taxable","21":"shipping-taxable","22":"purchasable","23":"product-type-simple"},"_links":{"self":[{"href":"https:\/\/parcavs.com\/index.php\/wp-json\/wp\/v2\/product\/31402","targetHints":{"allow":["GET"]}}],"collection":[{"href":"https:\/\/parcavs.com\/index.php\/wp-json\/wp\/v2\/product"}],"about":[{"href":"https:\/\/parcavs.com\/index.php\/wp-json\/wp\/v2\/types\/product"}],"replies":[{"embeddable":true,"href":"https:\/\/parcavs.com\/index.php\/wp-json\/wp\/v2\/comments?post=31402"}],"version-history":[{"count":1,"href":"https:\/\/parcavs.com\/index.php\/wp-json\/wp\/v2\/product\/31402\/revisions"}],"predecessor-version":[{"id":31406,"href":"https:\/\/parcavs.com\/index.php\/wp-json\/wp\/v2\/product\/31402\/revisions\/31406"}],"wp:featuredmedia":[{"embeddable":true,"href":"https:\/\/parcavs.com\/index.php\/wp-json\/wp\/v2\/media\/31405"}],"wp:attachment":[{"href":"https:\/\/parcavs.com\/index.php\/wp-json\/wp\/v2\/media?parent=31402"}],"wp:term":[{"taxonomy":"product_brand","embeddable":true,"href":"https:\/\/parcavs.com\/index.php\/wp-json\/wp\/v2\/product_brand?post=31402"},{"taxonomy":"product_cat","embeddable":true,"href":"https:\/\/parcavs.com\/index.php\/wp-json\/wp\/v2\/product_cat?post=31402"},{"taxonomy":"product_tag","embeddable":true,"href":"https:\/\/parcavs.com\/index.php\/wp-json\/wp\/v2\/product_tag?post=31402"}],"curies":[{"name":"wp","href":"https:\/\/api.w.org\/{rel}","templated":true}]}}