{"id":31409,"date":"2024-03-16T15:50:01","date_gmt":"2024-03-16T13:50:01","guid":{"rendered":"https:\/\/parcavs.com\/?post_type=product&#038;p=31409"},"modified":"2024-09-17T00:00:37","modified_gmt":"2024-09-16T21:00:37","slug":"operation-manuel-rhw-25-brix-atc-0-40brix-0-20vol-0-2vol-adblue-refraktometresi","status":"publish","type":"product","link":"https:\/\/parcavs.com\/index.php\/product\/operation-manuel-rhw-25-brix-atc-0-40brix-0-20vol-0-2vol-adblue-refraktometresi\/","title":{"rendered":"Operation Manuel RHW-25\/Brix\/ATC 0-40%Brix 0.20%Vol +-0.2%Vol Adblue Refraktometresi"},"content":{"rendered":"<p>Operation Manuel RHW-25\/Brix\/ATC 0-40%Brix 0.20%Vol +-0.2%Vol Adblue Refraktometresi<br \/>\nAdblue refraktometresi Kamyon Ve Otob\u00fcslerden Sonra Otomobillerde de Kullan\u0131lmaya Ba\u015flanan Adblue<br \/>\nAzot Oksit Sal\u0131n\u0131m\u0131n\u0131 Azaltmak \u0130\u00e7in Kullan\u0131lan Su Bazl\u0131 \u00dcre \u00c7\u00f6zeltisidir.<br \/>\nAdblue&#8217;nun Belirli S\u0131cakl\u0131k De\u011ferlerindeki \u00d6mr\u00fc 18 Ayd\u0131r.<br \/>\nDaha Uzun S\u00fcre Kullan\u0131lan Bu \u00dcr\u00fcn Bozulmu\u015f Olabilir.Bu Sebepten Dolay\u0131 Adblue \u00d6l\u00e7\u00fcm\u00fc Yap\u0131lmas\u0131 Gerekmektedir.<br \/>\n&#8211; Adblue Refraktometresi %0 ile %40 Aras\u0131 \u00dcre Konsantrasyonu \u00d6l\u00e7\u00fcm\u00fc Yapabilen D\u00fcrb\u00fcn Tip \u00d6l\u00e7\u00fcm Cihaz\u0131d\u0131r.<br \/>\n&#8211; Herhangi Bir G\u00fc\u00e7 Kayna\u011f\u0131 Gerektirmeyen Bu Refraktometre Cihaz\u0131n\u0131n Kullan\u0131m\u0131 olduk\u00e7a kolayd\u0131r.<br \/>\n&#8211; \u00d6l\u00e7\u00fcm Sonu\u00e7lar\u0131n\u0131n Daha Rahat Okunabilmesi \u0130\u00e7in Prizmas\u0131n\u0131n Yeteri Kadar I\u015f\u0131k Ald\u0131\u011f\u0131ndan Emin Olman\u0131z Gerekmektedir.<br \/>\n&#8211; Cihaz\u0131n Yan\u0131nda Gelen Kalibrasyon S\u0131v\u0131s\u0131 \u0130le S\u0131f\u0131rlama Ayar\u0131 Ve Bak\u0131lan D\u00fcrb\u00fcn\u00fcn Oradan \u0130se Netlik Ayar\u0131 Yap\u0131lmaktad\u0131r.<br \/>\n&#8211; Bu Refraktometre Cihaz\u0131 ATC \u00d6zelli\u011fine Sahiptir. ATC Telafi Aral\u0131\u011f\u0131 10\u00b0C&#8230;.20\u00b0C&#8217;dir.<br \/>\n&#8211; Refraktometrenin Prizmas\u0131 Darbelerden \u00c7iziklerden Mutlaka Korunmal\u0131d\u0131r.\u00c7iziksiz Bir Prizma \u0130le Her Zaman Net Sonu\u00e7lar Al\u0131rs\u0131n\u0131z.<br \/>\n&#8211; Daha Kaliteli Ve Net Sonu\u00e7lar \u0130\u00e7in Her Kullan\u0131mdan Sonras\u0131nda \u00d6l\u00e7\u00fcm Prizmas\u0131 Yumu\u015fak Bir Bez \u0130le Temizlenmelidir.<br \/>\n&#8211; Refraktometrenin Yan\u0131nda Gelen Aksesuarlar\u0131 Kalibrasyon S\u0131v\u0131s\u0131 Sert Ta\u015f\u0131ma Kutusu Kalibrasyon Ayar\u0131 \u0130\u00e7in K\u00fc\u00e7\u00fck Tornavida Plastik Damlal\u0131k Temizlik Bezi Ve Kullanma K\u0131lavuzudur.<br \/>\nFiyatlar\u0131m\u0131za KDV \u00fccreti dahildir<br \/>\nAd\u0131n\u0131za fatural\u0131 olarak g\u00f6nderilecektir.<br \/>\nKargo ta\u015f\u0131ma \u00fccreti al\u0131c\u0131ya aittir.<br \/>\nAnla\u015fmal\u0131 oldu\u011fumuz kargo firmas\u0131 arac\u0131l\u0131\u011f\u0131yla<br \/>\n\u00dccret al\u0131c\u0131 olarak taraf\u0131n\u0131za g\u00f6nderilecektir.<\/p>\n<p>&nbsp;<\/p>\n","protected":false},"excerpt":{"rendered":"<p><strong>Operation<\/strong> Manuel <strong>RHW-25\/Brix\/ATC 0-40%Brix 0.20%Vol +-0.2%Vol<\/strong> Adblue <strong>Refraktometresi<\/strong><br \/>\n<strong>Adblue refraktometresi<\/strong> Kamyon Ve <strong>Otob\u00fcslerden<\/strong> Sonra <strong>Otomobillerde<\/strong> de Kullan\u0131lmaya Ba\u015flanan <strong>Adblue<\/strong><br \/>\n<strong>Azot Oksit<\/strong> Sal\u0131n\u0131m\u0131n\u0131 <strong>Azaltmak<\/strong> \u0130\u00e7in Kullan\u0131lan Su Bazl\u0131 \u00dcre \u00c7\u00f6zeltisidir.<br \/>\n<strong>Adblue&#8217;nun<\/strong> Belirli S\u0131cakl\u0131k De\u011ferlerindeki \u00d6mr\u00fc 18 Ayd\u0131r.<br \/>\nDaha Uzun S\u00fcre Kullan\u0131lan Bu \u00dcr\u00fcn Bozulmu\u015f Olabilir.Bu Sebepten Dolay\u0131 Adblue \u00d6l\u00e7\u00fcm\u00fc Yap\u0131lmas\u0131 Gerekmektedir.<br \/>\n&#8211; <strong>Adblue<\/strong> Refraktometresi <strong>%0 ile %40<\/strong> Aras\u0131 \u00dcre Konsantrasyonu \u00d6l\u00e7\u00fcm\u00fc Yapabilen <strong>D\u00fcrb\u00fcn Tip \u00d6l\u00e7\u00fcm Cihaz\u0131d\u0131r.<\/strong><br \/>\n&#8211; Herhangi Bir G\u00fc\u00e7 Kayna\u011f\u0131 Gerektirmeyen Bu Refraktometre Cihaz\u0131n\u0131n Kullan\u0131m\u0131 olduk\u00e7a kolayd\u0131r.<br \/>\n&#8211; \u00d6l\u00e7\u00fcm Sonu\u00e7lar\u0131n\u0131n Daha Rahat Okunabilmesi \u0130\u00e7in Prizmas\u0131n\u0131n Yeteri Kadar I\u015f\u0131k Ald\u0131\u011f\u0131ndan Emin Olman\u0131z Gerekmektedir.<br \/>\n&#8211; Cihaz\u0131n Yan\u0131nda Gelen Kalibrasyon S\u0131v\u0131s\u0131 \u0130le S\u0131f\u0131rlama Ayar\u0131 Ve Bak\u0131lan D\u00fcrb\u00fcn\u00fcn Oradan \u0130se Netlik Ayar\u0131 Yap\u0131lmaktad\u0131r.<br \/>\n&#8211; Bu Refraktometre Cihaz\u0131 ATC \u00d6zelli\u011fine Sahiptir. ATC Telafi Aral\u0131\u011f\u0131 10\u00b0C&#8230;.20\u00b0C&#8217;dir.<br \/>\n&#8211; Refraktometrenin Prizmas\u0131 Darbelerden \u00c7iziklerden Mutlaka Korunmal\u0131d\u0131r.\u00c7iziksiz Bir Prizma \u0130le Her Zaman Net Sonu\u00e7lar Al\u0131rs\u0131n\u0131z.<br \/>\n&#8211; Daha Kaliteli Ve Net Sonu\u00e7lar \u0130\u00e7in Her Kullan\u0131mdan Sonras\u0131nda \u00d6l\u00e7\u00fcm Prizmas\u0131 Yumu\u015fak Bir Bez \u0130le Temizlenmelidir.<br \/>\n&#8211; Refraktometrenin Yan\u0131nda Gelen Aksesuarlar\u0131 Kalibrasyon S\u0131v\u0131s\u0131 Sert Ta\u015f\u0131ma Kutusu Kalibrasyon Ayar\u0131 \u0130\u00e7in K\u00fc\u00e7\u00fck Tornavida Plastik Damlal\u0131k Temizlik Bezi Ve Kullanma K\u0131lavuzudur.<br \/>\nFiyatlar\u0131m\u0131za <strong>KDV<\/strong> \u00fccreti dahildir<br \/>\nAd\u0131n\u0131za <strong>fatural\u0131<\/strong> olarak g\u00f6nderilecektir.<br \/>\n<strong>Kargo<\/strong> ta\u015f\u0131ma \u00fccreti <strong>al\u0131c\u0131ya<\/strong> aittir.<\/p>\n","protected":false},"featured_media":31411,"comment_status":"open","ping_status":"closed","template":"","meta":{"_monsterinsights_skip_tracking":false,"_monsterinsights_sitenote_active":false,"_monsterinsights_sitenote_note":"","_monsterinsights_sitenote_category":0},"product_brand":[],"product_cat":[15],"product_tag":[10784,10785,10783,10786],"class_list":{"0":"post-31409","1":"product","2":"type-product","3":"status-publish","4":"has-post-thumbnail","6":"product_cat-diger","7":"product_tag-adblue-refraktometresi","8":"product_tag-operation-manuel","9":"product_tag-refraktometre","10":"product_tag-rhw-25-brix-atc-0-40brix-0-20vol-0-2vol","12":"first","13":"instock","14":"taxable","15":"shipping-taxable","16":"purchasable","17":"product-type-simple"},"_links":{"self":[{"href":"https:\/\/parcavs.com\/index.php\/wp-json\/wp\/v2\/product\/31409","targetHints":{"allow":["GET"]}}],"collection":[{"href":"https:\/\/parcavs.com\/index.php\/wp-json\/wp\/v2\/product"}],"about":[{"href":"https:\/\/parcavs.com\/index.php\/wp-json\/wp\/v2\/types\/product"}],"replies":[{"embeddable":true,"href":"https:\/\/parcavs.com\/index.php\/wp-json\/wp\/v2\/comments?post=31409"}],"version-history":[{"count":1,"href":"https:\/\/parcavs.com\/index.php\/wp-json\/wp\/v2\/product\/31409\/revisions"}],"predecessor-version":[{"id":31414,"href":"https:\/\/parcavs.com\/index.php\/wp-json\/wp\/v2\/product\/31409\/revisions\/31414"}],"wp:featuredmedia":[{"embeddable":true,"href":"https:\/\/parcavs.com\/index.php\/wp-json\/wp\/v2\/media\/31411"}],"wp:attachment":[{"href":"https:\/\/parcavs.com\/index.php\/wp-json\/wp\/v2\/media?parent=31409"}],"wp:term":[{"taxonomy":"product_brand","embeddable":true,"href":"https:\/\/parcavs.com\/index.php\/wp-json\/wp\/v2\/product_brand?post=31409"},{"taxonomy":"product_cat","embeddable":true,"href":"https:\/\/parcavs.com\/index.php\/wp-json\/wp\/v2\/product_cat?post=31409"},{"taxonomy":"product_tag","embeddable":true,"href":"https:\/\/parcavs.com\/index.php\/wp-json\/wp\/v2\/product_tag?post=31409"}],"curies":[{"name":"wp","href":"https:\/\/api.w.org\/{rel}","templated":true}]}}