{"id":36530,"date":"2024-10-03T14:49:27","date_gmt":"2024-10-03T11:49:27","guid":{"rendered":"https:\/\/parcavs.com\/?post_type=product&#038;p=36530"},"modified":"2025-04-04T01:00:00","modified_gmt":"2025-04-03T22:00:00","slug":"zer-elektronik-lbb-31100-isikli-tepe-lambasi","status":"publish","type":"product","link":"https:\/\/parcavs.com\/index.php\/product\/zer-elektronik-lbb-31100-isikli-tepe-lambasi\/","title":{"rendered":"Zer Elektronik LBB 31100 I\u015eIKLI TEPE LAMBASI"},"content":{"rendered":"<p>LBB 31100\u00a0 I\u015eIKLI TEPE LAMBASI<br \/>\nGenel \u00d6zellikler<br \/>\n&#8211; Y\u00fcksek h\u0131za ve \u00e7evre ko\u015fullar\u0131na dayan\u0131kl\u0131 ve sa\u011flam, paslanmaz yap\u0131<br \/>\n&#8211; Tek par\u00e7adan olu\u015fmu\u015f UV\u2018ye ve zorlu \u015fartlara dayan\u0131kl\u0131 optik polikarbonat lensler<br \/>\n&#8211; Y\u00fcksek g\u00fc\u00e7l\u00fc power LED \u0131\u015f\u0131k kayna\u011f\u0131<br \/>\n&#8211; Her iki yanda, tek bir elektronik devre ile kontrol edilen y\u00fcksek \u0131\u015f\u0131k \u015fiddetine sahip LED gruplar\u0131<br \/>\n&#8211; Sabit ayd\u0131nlatma yapan, halojen projektif trafik a\u00e7ma ve sokak lambalar\u0131<br \/>\n&#8211; D\u00fc\u015f\u00fck ak\u0131m sarfiyat\u0131 ile ak\u00fc \u00f6mr\u00fcn\u00fc koruma<br \/>\n&#8211; Montaj braketleri ile t\u00fcm ara\u00e7 \u00e7e\u015fitlerine uyumlu h\u0131zl\u0131 adaptasyon<br \/>\n&#8211; Tavan konnekt\u00f6r\u00fc ile g\u00fcvenli elektrik ba\u011flant\u0131s\u0131<br \/>\n&#8211; Kullan\u0131m Alanlar\u0131: Polis, Jandarma, Ambulans, \u0130tfaiye, Havaalanlar\u0131, Belediye, Karayollar\u0131, \u00d6zel Hizmet Ara\u00e7lar\u0131, Makam Ara\u00e7lar\u0131 ve \u00c7ekici Ara\u00e7larla uyumludur.<br \/>\n&#8211; Renk Se\u00e7enekleri: K\u0131rm\u0131z\u0131, Mavi, Amber, Ye\u015fil, Beyaz<br \/>\n&#8211; Standartlara Uygunluk: SAE J1318, SAE J1849, SAE J1595<br \/>\nTeknik \u00d6zellikler<br \/>\n&#8211; \u00c7al\u0131\u015fma Voltaj\u0131: 12 VDC veya 24 VDC<br \/>\n&#8211; LED\u2019in Nominal \u00d6mr\u00fc: 50.000 saat<br \/>\n&#8211; \u00c7al\u0131\u015fma S\u0131cakl\u0131\u011f\u0131: -40 \u00b0C ~65 \u00b0C<\/p>\n","protected":false},"excerpt":{"rendered":"<p><strong>LBB 31100\u00a0 I\u015eIKLI TEPE LAMBASI<\/strong><br \/>\nGenel \u00d6zellikler<br \/>\n&#8211; Y\u00fcksek h\u0131za ve \u00e7evre ko\u015fullar\u0131na dayan\u0131kl\u0131 ve sa\u011flam, paslanmaz yap\u0131<br \/>\n&#8211; Tek par\u00e7adan olu\u015fmu\u015f UV\u2018ye ve zorlu \u015fartlara dayan\u0131kl\u0131 optik polikarbonat lensler<br \/>\n&#8211; Y\u00fcksek g\u00fc\u00e7l\u00fc power LED \u0131\u015f\u0131k kayna\u011f\u0131<br \/>\n&#8211; Her iki yanda, tek bir elektronik devre ile kontrol edilen y\u00fcksek \u0131\u015f\u0131k \u015fiddetine sahip LED gruplar\u0131<br \/>\n&#8211; Sabit ayd\u0131nlatma yapan, halojen projektif trafik a\u00e7ma ve sokak lambalar\u0131<br \/>\n&#8211; D\u00fc\u015f\u00fck ak\u0131m sarfiyat\u0131 ile ak\u00fc \u00f6mr\u00fcn\u00fc koruma<br \/>\n&#8211; Montaj braketleri ile t\u00fcm ara\u00e7 \u00e7e\u015fitlerine uyumlu h\u0131zl\u0131 adaptasyon<br \/>\n&#8211; Tavan konnekt\u00f6r\u00fc ile g\u00fcvenli elektrik ba\u011flant\u0131s\u0131<br \/>\n&#8211; Kullan\u0131m Alanlar\u0131: Polis, Jandarma, Ambulans, \u0130tfaiye, Havaalanlar\u0131, Belediye, Karayollar\u0131, \u00d6zel Hizmet Ara\u00e7lar\u0131, Makam Ara\u00e7lar\u0131 ve \u00c7ekici Ara\u00e7larla uyumludur.<br \/>\n&#8211; Renk Se\u00e7enekleri: K\u0131rm\u0131z\u0131, Mavi, Amber, Ye\u015fil, Beyaz<br \/>\n&#8211; Standartlara Uygunluk: SAE J1318, SAE J1849, SAE J1595<br \/>\nTeknik \u00d6zellikler<br \/>\n&#8211; \u00c7al\u0131\u015fma Voltaj\u0131: 12 VDC veya 24 VDC<br \/>\n&#8211; LED\u2019in Nominal \u00d6mr\u00fc: 50.000 saat<br \/>\n&#8211; \u00c7al\u0131\u015fma S\u0131cakl\u0131\u011f\u0131: -40 \u00b0C ~65 \u00b0C<\/p>\n","protected":false},"featured_media":36531,"comment_status":"open","ping_status":"closed","template":"","meta":{"_monsterinsights_skip_tracking":false,"_monsterinsights_sitenote_active":false,"_monsterinsights_sitenote_note":"","_monsterinsights_sitenote_category":0},"product_brand":[],"product_cat":[15],"product_tag":[14941,14942],"class_list":{"0":"post-36530","1":"product","2":"type-product","3":"status-publish","4":"has-post-thumbnail","6":"product_cat-diger","7":"product_tag-lbb-31100-isikli-tepe-lambasi","8":"product_tag-zer-elektronik","10":"first","11":"instock","12":"taxable","13":"shipping-taxable","14":"purchasable","15":"product-type-simple"},"_links":{"self":[{"href":"https:\/\/parcavs.com\/index.php\/wp-json\/wp\/v2\/product\/36530","targetHints":{"allow":["GET"]}}],"collection":[{"href":"https:\/\/parcavs.com\/index.php\/wp-json\/wp\/v2\/product"}],"about":[{"href":"https:\/\/parcavs.com\/index.php\/wp-json\/wp\/v2\/types\/product"}],"replies":[{"embeddable":true,"href":"https:\/\/parcavs.com\/index.php\/wp-json\/wp\/v2\/comments?post=36530"}],"version-history":[{"count":1,"href":"https:\/\/parcavs.com\/index.php\/wp-json\/wp\/v2\/product\/36530\/revisions"}],"predecessor-version":[{"id":36534,"href":"https:\/\/parcavs.com\/index.php\/wp-json\/wp\/v2\/product\/36530\/revisions\/36534"}],"wp:featuredmedia":[{"embeddable":true,"href":"https:\/\/parcavs.com\/index.php\/wp-json\/wp\/v2\/media\/36531"}],"wp:attachment":[{"href":"https:\/\/parcavs.com\/index.php\/wp-json\/wp\/v2\/media?parent=36530"}],"wp:term":[{"taxonomy":"product_brand","embeddable":true,"href":"https:\/\/parcavs.com\/index.php\/wp-json\/wp\/v2\/product_brand?post=36530"},{"taxonomy":"product_cat","embeddable":true,"href":"https:\/\/parcavs.com\/index.php\/wp-json\/wp\/v2\/product_cat?post=36530"},{"taxonomy":"product_tag","embeddable":true,"href":"https:\/\/parcavs.com\/index.php\/wp-json\/wp\/v2\/product_tag?post=36530"}],"curies":[{"name":"wp","href":"https:\/\/api.w.org\/{rel}","templated":true}]}}