{"id":37573,"date":"2025-01-13T12:33:13","date_gmt":"2025-01-13T10:33:13","guid":{"rendered":"https:\/\/parcavs.com\/?post_type=product&#038;p=37573"},"modified":"2025-07-14T00:00:10","modified_gmt":"2025-07-13T21:00:10","slug":"2-el-ncg-professional-3736-agir-hizmet-percinleme-takimi","status":"publish","type":"product","link":"https:\/\/parcavs.com\/index.php\/product\/2-el-ncg-professional-3736-agir-hizmet-percinleme-takimi\/","title":{"rendered":"2.El NCG Professional 3736 A\u011f\u0131r Hizmet Per\u00e7inleme Tak\u0131m\u0131"},"content":{"rendered":"<p>2.El NCG Professional 3736 A\u011f\u0131r Hizmet Per\u00e7inleme Tak\u0131m\u0131<br \/>\n\u0130kinci El NCG Professional 3736 A\u011f\u0131r Hizmet Per\u00e7inleme Tak\u0131m\u0131<br \/>\nEkstra kald\u0131ra\u00e7 i\u00e7in iki elle kullan\u0131m.<br \/>\nUygun: 3.2, 4.0, 4.8 ve 6.4mm per\u00e7inler i\u00e7in.<br \/>\nUygun oldu\u011fu \u00fcr\u00fcnler: M4, M5, M6, M8, M10 ve M12 somun per\u00e7inleri; M4, M5, M6 ve M8 c\u0131vata per\u00e7inleri.<br \/>\nFiyatlar\u0131m\u0131za KDV \u00fccreti dahildir<br \/>\nAd\u0131n\u0131za fatural\u0131 olarak g\u00f6nderilecektir.<br \/>\nKargo ta\u015f\u0131ma \u00fccreti al\u0131c\u0131ya aittir.<br \/>\nAnla\u015fmal\u0131 oldu\u011fumuz kargo firmas\u0131 arac\u0131l\u0131\u011f\u0131yla<br \/>\n\u00dccret al\u0131c\u0131 olarak taraf\u0131n\u0131za g\u00f6nderilecektir.<\/p>\n","protected":false},"excerpt":{"rendered":"<p>2.El NCG Professional 3736 A\u011f\u0131r Hizmet Per\u00e7inleme Tak\u0131m\u0131<br \/>\n\u0130kinci El NCG Professional 3736 A\u011f\u0131r Hizmet Per\u00e7inleme Tak\u0131m\u0131<br \/>\nEkstra kald\u0131ra\u00e7 i\u00e7in iki elle kullan\u0131m.<br \/>\nUygun: 3.2, 4.0, 4.8 ve 6.4mm per\u00e7inler i\u00e7in.<br \/>\nUygun oldu\u011fu \u00fcr\u00fcnler: M4, M5, M6, M8, M10 ve M12 somun per\u00e7inleri; M4, M5, M6 ve M8 c\u0131vata per\u00e7inleri.<br \/>\nFiyatlar\u0131m\u0131za KDV \u00fccreti dahildir<br \/>\nAd\u0131n\u0131za fatural\u0131 olarak g\u00f6nderilecektir.<br \/>\nKargo ta\u015f\u0131ma \u00fccreti al\u0131c\u0131ya aittir.<\/p>\n<p>&nbsp;<\/p>\n","protected":false},"featured_media":37574,"comment_status":"open","ping_status":"closed","template":"","meta":{"_monsterinsights_skip_tracking":false,"_monsterinsights_sitenote_active":false,"_monsterinsights_sitenote_note":"","_monsterinsights_sitenote_category":0},"product_brand":[],"product_cat":[50],"product_tag":[16455,16456,16457],"class_list":{"0":"post-37573","1":"product","2":"type-product","3":"status-publish","4":"has-post-thumbnail","6":"product_cat-aparat-ozel-takim","7":"product_tag-ncg","8":"product_tag-ncg-profesyonel","9":"product_tag-ncg3736","11":"first","12":"instock","13":"taxable","14":"shipping-taxable","15":"purchasable","16":"product-type-simple"},"_links":{"self":[{"href":"https:\/\/parcavs.com\/index.php\/wp-json\/wp\/v2\/product\/37573","targetHints":{"allow":["GET"]}}],"collection":[{"href":"https:\/\/parcavs.com\/index.php\/wp-json\/wp\/v2\/product"}],"about":[{"href":"https:\/\/parcavs.com\/index.php\/wp-json\/wp\/v2\/types\/product"}],"replies":[{"embeddable":true,"href":"https:\/\/parcavs.com\/index.php\/wp-json\/wp\/v2\/comments?post=37573"}],"version-history":[{"count":2,"href":"https:\/\/parcavs.com\/index.php\/wp-json\/wp\/v2\/product\/37573\/revisions"}],"predecessor-version":[{"id":37578,"href":"https:\/\/parcavs.com\/index.php\/wp-json\/wp\/v2\/product\/37573\/revisions\/37578"}],"wp:featuredmedia":[{"embeddable":true,"href":"https:\/\/parcavs.com\/index.php\/wp-json\/wp\/v2\/media\/37574"}],"wp:attachment":[{"href":"https:\/\/parcavs.com\/index.php\/wp-json\/wp\/v2\/media?parent=37573"}],"wp:term":[{"taxonomy":"product_brand","embeddable":true,"href":"https:\/\/parcavs.com\/index.php\/wp-json\/wp\/v2\/product_brand?post=37573"},{"taxonomy":"product_cat","embeddable":true,"href":"https:\/\/parcavs.com\/index.php\/wp-json\/wp\/v2\/product_cat?post=37573"},{"taxonomy":"product_tag","embeddable":true,"href":"https:\/\/parcavs.com\/index.php\/wp-json\/wp\/v2\/product_tag?post=37573"}],"curies":[{"name":"wp","href":"https:\/\/api.w.org\/{rel}","templated":true}]}}