{"id":4229,"date":"2021-07-01T15:25:57","date_gmt":"2021-07-01T12:25:57","guid":{"rendered":"https:\/\/parcavs.com\/?post_type=product&#038;p=4229"},"modified":"2025-04-11T00:00:06","modified_gmt":"2025-04-10T21:00:06","slug":"orjinal-iveco-daily-ust-sol-kapi-mentese-cerceve-bakaliti-5801641147","status":"publish","type":"product","link":"https:\/\/parcavs.com\/index.php\/product\/orjinal-iveco-daily-ust-sol-kapi-mentese-cerceve-bakaliti-5801641147\/","title":{"rendered":"Orjinal IVECO Daily \u00dcst Sol Kap\u0131 Mente\u015fe \u00c7er\u00e7eve Bakaliti (5801641147)"},"content":{"rendered":"<p>Orjinal IVECO Daily Kap\u0131 Mente\u015fe \u00c7er\u00e7eve Bakaliti, \u00dcst Sol &#8211; 5801641147<br \/>\n%100 Orjinal IVECO Yedek Par\u00e7a<br \/>\nOrjinal IVECO ambalaj\u0131nda g\u00f6nderilecektir.<br \/>\n\u00dccretsiz kargo ve ad\u0131n\u0131za fatural\u0131 olarak g\u00f6nderilecektir.<\/p>\n","protected":false},"excerpt":{"rendered":"<p>5801641147-IVECO Daily Kap\u0131 Mente\u015fe \u00c7er\u00e7eve Bakaliti, \u00dcst Sol<br \/>\nBakalit, Kap\u0131 Mente\u015fe \u00c7er\u00e7eve \u00dcst Sol (2014) 70 C 17 Van 41 ID FL 70 C 17 Van 4100 H N<br \/>\n%100 Orjinal IVECO Daily Kap\u0131 Mente\u015fe \u00c7er\u00e7eve Bakaliti Sol \u00dcst<br \/>\nOrjinal IVECO ambalaj\u0131nda g\u00f6nderilecektir.<br \/>\nFiyatlar\u0131m\u0131z KDV ve kargo g\u00f6nderim \u00fccreti dahildir.<\/p>\n","protected":false},"featured_media":4345,"comment_status":"open","ping_status":"closed","template":"","meta":{"_monsterinsights_skip_tracking":false,"_monsterinsights_sitenote_active":false,"_monsterinsights_sitenote_note":"","_monsterinsights_sitenote_category":0},"product_brand":[],"product_cat":[46],"product_tag":[15065,58,51,680],"class_list":{"0":"post-4229","1":"product","2":"type-product","3":"status-publish","4":"has-post-thumbnail","6":"product_cat-iveco-yedek-parca","7":"product_tag-15065","8":"product_tag-daily","9":"product_tag-iveco","10":"product_tag-kapi-mentese-cerceve-bakaliti","12":"first","13":"instock","14":"taxable","15":"shipping-taxable","16":"purchasable","17":"product-type-simple"},"_links":{"self":[{"href":"https:\/\/parcavs.com\/index.php\/wp-json\/wp\/v2\/product\/4229","targetHints":{"allow":["GET"]}}],"collection":[{"href":"https:\/\/parcavs.com\/index.php\/wp-json\/wp\/v2\/product"}],"about":[{"href":"https:\/\/parcavs.com\/index.php\/wp-json\/wp\/v2\/types\/product"}],"replies":[{"embeddable":true,"href":"https:\/\/parcavs.com\/index.php\/wp-json\/wp\/v2\/comments?post=4229"}],"version-history":[{"count":1,"href":"https:\/\/parcavs.com\/index.php\/wp-json\/wp\/v2\/product\/4229\/revisions"}],"predecessor-version":[{"id":4230,"href":"https:\/\/parcavs.com\/index.php\/wp-json\/wp\/v2\/product\/4229\/revisions\/4230"}],"wp:featuredmedia":[{"embeddable":true,"href":"https:\/\/parcavs.com\/index.php\/wp-json\/wp\/v2\/media\/4345"}],"wp:attachment":[{"href":"https:\/\/parcavs.com\/index.php\/wp-json\/wp\/v2\/media?parent=4229"}],"wp:term":[{"taxonomy":"product_brand","embeddable":true,"href":"https:\/\/parcavs.com\/index.php\/wp-json\/wp\/v2\/product_brand?post=4229"},{"taxonomy":"product_cat","embeddable":true,"href":"https:\/\/parcavs.com\/index.php\/wp-json\/wp\/v2\/product_cat?post=4229"},{"taxonomy":"product_tag","embeddable":true,"href":"https:\/\/parcavs.com\/index.php\/wp-json\/wp\/v2\/product_tag?post=4229"}],"curies":[{"name":"wp","href":"https:\/\/api.w.org\/{rel}","templated":true}]}}