{"id":4821,"date":"2021-08-17T16:56:30","date_gmt":"2021-08-17T13:56:30","guid":{"rendered":"https:\/\/parcavs.com\/?post_type=product&#038;p=4821"},"modified":"2024-05-12T00:00:07","modified_gmt":"2024-05-11T21:00:07","slug":"orjinal-iveco-daily-orta-kapi-merkezleme-pimi-3800963","status":"publish","type":"product","link":"https:\/\/parcavs.com\/index.php\/product\/orjinal-iveco-daily-orta-kapi-merkezleme-pimi-3800963\/","title":{"rendered":"Orjinal IVECO Daily Orta Kap\u0131 Merkezleme Pimi (3800963)"},"content":{"rendered":"<p>3800963- IVECO Daily Orta Kap\u0131 Merkezleme Pimi<br \/>\nPim, Orta Kap\u0131 Merkezleme 70 C 17 VAN 4100 H N ID F ID FL 70 C 17 VAN 4100 H N<br \/>\n%100 Orjinal IVECO Yedek Par\u00e7a<br \/>\nOrjinal IVECO ambalaj\u0131nda g\u00f6nderilecektir.<br \/>\n\u00dccretsiz kargo ve ad\u0131n\u0131za fatural\u0131 olarak g\u00f6nderilecektir.<\/p>\n","protected":false},"excerpt":{"rendered":"<p>3800963- IVECO Daily Orta Kap\u0131 Merkezleme Pimi<br \/>\nPim, Orta Kap\u0131 Merkezleme 70 C 17 VAN 4100 H N ID F ID FL 70 C 17 VAN 4100 H N<br \/>\n%100 Orjinal IVECO Daily Orta Kap\u0131 Merkezleme Pimi<br \/>\nOrjinal IVECO ambalaj\u0131nda g\u00f6nderilecektir.<br \/>\nFiyatlar\u0131m\u0131z KDV ve kargo g\u00f6nderim \u00fccreti dahildir.<\/p>\n","protected":false},"featured_media":4822,"comment_status":"open","ping_status":"closed","template":"","meta":{"_monsterinsights_skip_tracking":false,"_monsterinsights_sitenote_active":false,"_monsterinsights_sitenote_note":"","_monsterinsights_sitenote_category":0},"product_brand":[],"product_cat":[46],"product_tag":[58,51,793],"class_list":{"0":"post-4821","1":"product","2":"type-product","3":"status-publish","4":"has-post-thumbnail","6":"product_cat-iveco-yedek-parca","7":"product_tag-daily","8":"product_tag-iveco","9":"product_tag-orta-kapi-merkezleme-pimi","11":"first","12":"instock","13":"taxable","14":"shipping-taxable","15":"purchasable","16":"product-type-simple"},"_links":{"self":[{"href":"https:\/\/parcavs.com\/index.php\/wp-json\/wp\/v2\/product\/4821","targetHints":{"allow":["GET"]}}],"collection":[{"href":"https:\/\/parcavs.com\/index.php\/wp-json\/wp\/v2\/product"}],"about":[{"href":"https:\/\/parcavs.com\/index.php\/wp-json\/wp\/v2\/types\/product"}],"replies":[{"embeddable":true,"href":"https:\/\/parcavs.com\/index.php\/wp-json\/wp\/v2\/comments?post=4821"}],"version-history":[{"count":1,"href":"https:\/\/parcavs.com\/index.php\/wp-json\/wp\/v2\/product\/4821\/revisions"}],"predecessor-version":[{"id":4823,"href":"https:\/\/parcavs.com\/index.php\/wp-json\/wp\/v2\/product\/4821\/revisions\/4823"}],"wp:featuredmedia":[{"embeddable":true,"href":"https:\/\/parcavs.com\/index.php\/wp-json\/wp\/v2\/media\/4822"}],"wp:attachment":[{"href":"https:\/\/parcavs.com\/index.php\/wp-json\/wp\/v2\/media?parent=4821"}],"wp:term":[{"taxonomy":"product_brand","embeddable":true,"href":"https:\/\/parcavs.com\/index.php\/wp-json\/wp\/v2\/product_brand?post=4821"},{"taxonomy":"product_cat","embeddable":true,"href":"https:\/\/parcavs.com\/index.php\/wp-json\/wp\/v2\/product_cat?post=4821"},{"taxonomy":"product_tag","embeddable":true,"href":"https:\/\/parcavs.com\/index.php\/wp-json\/wp\/v2\/product_tag?post=4821"}],"curies":[{"name":"wp","href":"https:\/\/api.w.org\/{rel}","templated":true}]}}