{"id":5272,"date":"2021-09-25T16:19:16","date_gmt":"2021-09-25T13:19:16","guid":{"rendered":"https:\/\/parcavs.com\/?post_type=product&#038;p=5272"},"modified":"2024-10-24T00:00:11","modified_gmt":"2024-10-23T21:00:11","slug":"orjinal-iveco-daily-orta-kapi-ust-lambasi-500339036","status":"publish","type":"product","link":"https:\/\/parcavs.com\/index.php\/product\/orjinal-iveco-daily-orta-kapi-ust-lambasi-500339036\/","title":{"rendered":"Orjinal IVECO Daily Orta Kap\u0131 \u00dcst Lambas\u0131 (500339036)"},"content":{"rendered":"<p>500339036- IVECO Daily Orta Kap\u0131 \u00dcst Lambas\u0131<br \/>\nLamba, Orta Kap\u0131 \u00dcst 35 S 13 VAN 3950 ID P ID PL 35 S 13 VAN 3950<br \/>\n%100 Orjinal IVECO Yedek Par\u00e7a<br \/>\n\u00dccretsiz kargo ve ad\u0131n\u0131za fatural\u0131 olarak g\u00f6nderilecektir.<\/p>\n","protected":false},"excerpt":{"rendered":"<p>500339036- IVECO Daily Orta Kap\u0131 \u00dcst Lambas\u0131<br \/>\nLamba, Orta Kap\u0131 \u00dcst 35 S 13 VAN 3950 ID P ID PL 35 S 13 VAN 3950<br \/>\n%100 Orjinal IVECO Daily Orta Kap\u0131 \u00dcst Lambas\u0131<br \/>\nFiyatlar\u0131m\u0131za KDV ve kargo g\u00f6nderim \u00fccreti dahildir.<br \/>\n\u00dccretsiz kargo ve ad\u0131n\u0131za fatural\u0131 olarak g\u00f6nderilecektir.<\/p>\n","protected":false},"featured_media":5273,"comment_status":"open","ping_status":"closed","template":"","meta":{"_monsterinsights_skip_tracking":false,"_monsterinsights_sitenote_active":false,"_monsterinsights_sitenote_note":"","_monsterinsights_sitenote_category":0},"product_brand":[],"product_cat":[46],"product_tag":[12276,58,51,898],"class_list":{"0":"post-5272","1":"product","2":"type-product","3":"status-publish","4":"has-post-thumbnail","6":"product_cat-iveco-yedek-parca","7":"product_tag-12276","8":"product_tag-daily","9":"product_tag-iveco","10":"product_tag-orta-kapi-ust-lambasi","12":"first","13":"instock","14":"taxable","15":"shipping-taxable","16":"purchasable","17":"product-type-simple"},"_links":{"self":[{"href":"https:\/\/parcavs.com\/index.php\/wp-json\/wp\/v2\/product\/5272","targetHints":{"allow":["GET"]}}],"collection":[{"href":"https:\/\/parcavs.com\/index.php\/wp-json\/wp\/v2\/product"}],"about":[{"href":"https:\/\/parcavs.com\/index.php\/wp-json\/wp\/v2\/types\/product"}],"replies":[{"embeddable":true,"href":"https:\/\/parcavs.com\/index.php\/wp-json\/wp\/v2\/comments?post=5272"}],"version-history":[{"count":2,"href":"https:\/\/parcavs.com\/index.php\/wp-json\/wp\/v2\/product\/5272\/revisions"}],"predecessor-version":[{"id":5276,"href":"https:\/\/parcavs.com\/index.php\/wp-json\/wp\/v2\/product\/5272\/revisions\/5276"}],"wp:featuredmedia":[{"embeddable":true,"href":"https:\/\/parcavs.com\/index.php\/wp-json\/wp\/v2\/media\/5273"}],"wp:attachment":[{"href":"https:\/\/parcavs.com\/index.php\/wp-json\/wp\/v2\/media?parent=5272"}],"wp:term":[{"taxonomy":"product_brand","embeddable":true,"href":"https:\/\/parcavs.com\/index.php\/wp-json\/wp\/v2\/product_brand?post=5272"},{"taxonomy":"product_cat","embeddable":true,"href":"https:\/\/parcavs.com\/index.php\/wp-json\/wp\/v2\/product_cat?post=5272"},{"taxonomy":"product_tag","embeddable":true,"href":"https:\/\/parcavs.com\/index.php\/wp-json\/wp\/v2\/product_tag?post=5272"}],"curies":[{"name":"wp","href":"https:\/\/api.w.org\/{rel}","templated":true}]}}