{"id":6080,"date":"2021-11-08T14:35:36","date_gmt":"2021-11-08T12:35:36","guid":{"rendered":"https:\/\/parcavs.com\/?post_type=product&#038;p=6080"},"modified":"2022-12-21T14:52:54","modified_gmt":"2022-12-21T12:52:54","slug":"hfkanuni-orjinal-plaka-lambasi-yta084h26h26002","status":"publish","type":"product","link":"https:\/\/parcavs.com\/index.php\/product\/hfkanuni-orjinal-plaka-lambasi-yta084h26h26002\/","title":{"rendered":"HFKanuni Orjinal Plaka Lambas\u0131 (YTA084H26H26002)"},"content":{"rendered":"<p>YTA084H26H26002 &#8211; Orjinal Kanuni Plaka Lambas\u0131<br \/>\nUyumlu Modeller: HF P971, HF P970<br \/>\n%100 Orjinal HFKanuni Yedek Par\u00e7a<br \/>\nFiyatlar\u0131m\u0131za KDV \u00fccreti dahildir<br \/>\nAd\u0131n\u0131za fatural\u0131 olarak g\u00f6nderilecektir.<br \/>\nKargo ta\u015f\u0131ma \u00fccreti al\u0131c\u0131ya aittir.<br \/>\nAnla\u015fmal\u0131 oldu\u011fumuz kargo firmas\u0131 arac\u0131l\u0131\u011f\u0131yla<br \/>\n\u00dccret al\u0131c\u0131 olarak taraf\u0131n\u0131za g\u00f6nderilecektir.<\/p>\n<hr \/>\n<p><strong>HF Kanuni Hakk\u0131nda<\/strong><\/p>\n<p>G\u00fcn\u00fcm\u00fczde yak\u0131n co\u011frafyadaki en b\u00fcy\u00fck motosiklet \u015firketlerinden biri olarak ad\u0131n\u0131 duyuran marka; 2008 y\u0131l\u0131nda \u00c7inli u\u00e7ak ve otomotiv \u00fcreticisi Hafei ile anla\u015farak HFKanuni ad\u0131 alt\u0131nda kamyonet ve panelvan \u00e7e\u015fitleri bulunan ticari ara\u00e7lar \u00fcretti.<\/p>\n<p><strong>HFKanuni Ticari Ara\u00e7 Modelleri<\/strong><\/p>\n<p>HFKanuni ticari ara\u00e7lar aras\u0131nda kamyonet ve panelvan \u00e7e\u015fitleri bulunur. Kamyonetlerde a\u00e7\u0131k kasal\u0131 modeller ve kapal\u0131 kasal\u0131 modeller yer al\u0131r. \u00d6zellikle y\u00fck ta\u015f\u0131mak i\u00e7in tercih edilen HFKanuni kamyonetler manevra kabiliyetleri ve kompakt tasar\u0131mlar\u0131 ile \u00f6ne \u00e7\u0131kar. Farkl\u0131 yerlere y\u00fck ta\u015f\u0131mas\u0131 gereken k\u00fc\u00e7\u00fck i\u015fletmeler i\u00e7in uygun bir tercih olan kamyonet \u00e7e\u015fitleri ekonomik yak\u0131t t\u00fcketimi ile kullan\u0131c\u0131ya hitap eder. Kapal\u0131 kasa kamyonet modelleri ise geni\u015f depolama alan\u0131 ve kapal\u0131 kasa g\u00fcvencesi ile y\u00fckleri g\u00fcvenle ta\u015f\u0131man\u0131za imkan verir. Ayn\u0131 zamanda kullan\u0131\u015fl\u0131 i\u00e7 hacmi ve al\u00e7ak y\u00fckleme e\u015fi\u011fi ile dar sokaklarda kolayca y\u00fckleme ve indirme yapabilece\u011finiz ara\u00e7, farkl\u0131 ihtiya\u00e7lara hitap eden \u00f6zellikleri ile olduk\u00e7a rahat bir kullan\u0131m sunar.<\/p>\n<p><strong>HFKanuni Panelvan Modelleri<\/strong><\/p>\n<p>HFKanuni panelvan modelleri aras\u0131nda farkl\u0131 ihtiya\u00e7lara hitap eden P-970 ve P-971 olarak iki farkl\u0131 model mevcuttur. DA465Q benzinli motor tipi ve 970 cc silindir hacmine sahip olan \u00fcr\u00fcnler ba\u015far\u0131l\u0131 bir ticari ara\u00e7 olarak \u00f6ne \u00e7\u0131kar. Her iki taraf\u0131 da a\u00e7\u0131labilen y\u00fck b\u00f6lmeleri olan HFKanuni P-970 modeli; dayan\u0131kl\u0131, ekonomik ve kompakt tasar\u0131m\u0131 ile \u00e7ok y\u00f6nl\u00fc bir kullan\u0131ma sahiptir. \u00c7e\u015fitli i\u015fletmeler i\u00e7in olduk\u00e7a uygun bir kullan\u0131m sergileyen model, \u015f\u0131k tasar\u0131m\u0131 ile de dikkat \u00e7eker.<\/p>\n<p>HFKanuni P-971 modeli ise i\u015flevsel yap\u0131s\u0131 ile \u00f6ne \u00e7\u0131kar. 4+1 koltuk d\u00fczeni ve y\u00fck b\u00f6lmesi ile hem g\u00fcnl\u00fck kullan\u0131ma ve ticari kullan\u0131ma uygun bir modeldir. Her iki tarafta da s\u00fcrg\u00fcl\u00fc kap\u0131lar\u0131 bulunan model fonksiyonel bir kullan\u0131m sergiler ve geni\u015f aileler i\u00e7inde ideal \u00e7\u00f6z\u00fcmler sunar. Daha fazla bilgi i\u00e7in t\u0131klay\u0131n\u0131z: <a href=\"https:\/\/www.tasit.com\/ticari-arac-markalari\/hf-kanuni\">https:\/\/www.tasit.com\/ticari-arac-markalari\/hf-kanuni<\/a><\/p>\n<p><strong>Par\u00e7a Vesaire Hakk\u0131nda<\/strong><\/p>\n<p>Ba\u015fta IVECO, MAN, TATA, Mitsubishi, Subaru, HFK Kanuni, Karsan gibi markalar\u0131n orjinal ve yan sanayi par\u00e7alar\u0131n\u0131n ve \u0130klimsa klimalar\u0131n\u0131n T\u00fcrkiye genelinde online sat\u0131\u015f\u0131n\u0131n yap\u0131ld\u0131\u011f\u0131 bir al\u0131\u015fveri\u015f sitesi olarak 2021 y\u0131l\u0131nda faaliyetine ba\u015flam\u0131\u015ft\u0131r.<\/p>\n<p>\u0130lerleyen d\u00f6nemlerde di\u011fer otomotiv markalar\u0131n\u0131 ve otomotiv d\u0131\u015f\u0131 yedek par\u00e7a, makine,\u00a0ikince el sanayi \u00fcr\u00fcnleri ve servis aparatlar\u0131n\u0131 da ihtiva edecek \u015fekilde yap\u0131lanmay\u0131 hedeflemektedir. \u00d6nerileriniz ve i\u015fbirli\u011fi talepleriniz i\u00e7in bizimle irtibat kurabilirsiniz.<\/p>\n","protected":false},"excerpt":{"rendered":"<p><strong>YTA084H26H26002<\/strong> &#8211; Orjinal <strong>Kanuni<\/strong> Plaka Lambas\u0131<br \/>\nUyumlu Modeller: <strong>HF P971, HF P970<\/strong><br \/>\n<strong>%100 Orjinal<\/strong> HFKanuni <strong>Plaka Lambas\u0131<\/strong><br \/>\nFiyatlar\u0131m\u0131za <strong>KDV<\/strong> \u00fccreti dahildir<br \/>\nAd\u0131n\u0131za <strong>fatural\u0131<\/strong> olarak g\u00f6nderilecektir.<br \/>\n<strong>Kargo<\/strong> ta\u015f\u0131ma \u00fccreti <strong>al\u0131c\u0131ya<\/strong> aittir.<\/p>\n","protected":false},"featured_media":6115,"comment_status":"open","ping_status":"closed","template":"","meta":{"_monsterinsights_skip_tracking":false,"_monsterinsights_sitenote_active":false,"_monsterinsights_sitenote_note":"","_monsterinsights_sitenote_category":0},"product_brand":[],"product_cat":[48],"product_tag":[992,556],"class_list":{"0":"post-6080","1":"product","2":"type-product","3":"status-publish","4":"has-post-thumbnail","6":"product_cat-hfkanuni-yedek-parca","7":"product_tag-hfkanuni","8":"product_tag-plaka-lambasi","10":"first","11":"instock","12":"taxable","13":"shipping-taxable","14":"purchasable","15":"product-type-simple"},"_links":{"self":[{"href":"https:\/\/parcavs.com\/index.php\/wp-json\/wp\/v2\/product\/6080","targetHints":{"allow":["GET"]}}],"collection":[{"href":"https:\/\/parcavs.com\/index.php\/wp-json\/wp\/v2\/product"}],"about":[{"href":"https:\/\/parcavs.com\/index.php\/wp-json\/wp\/v2\/types\/product"}],"replies":[{"embeddable":true,"href":"https:\/\/parcavs.com\/index.php\/wp-json\/wp\/v2\/comments?post=6080"}],"version-history":[{"count":3,"href":"https:\/\/parcavs.com\/index.php\/wp-json\/wp\/v2\/product\/6080\/revisions"}],"predecessor-version":[{"id":17524,"href":"https:\/\/parcavs.com\/index.php\/wp-json\/wp\/v2\/product\/6080\/revisions\/17524"}],"wp:featuredmedia":[{"embeddable":true,"href":"https:\/\/parcavs.com\/index.php\/wp-json\/wp\/v2\/media\/6115"}],"wp:attachment":[{"href":"https:\/\/parcavs.com\/index.php\/wp-json\/wp\/v2\/media?parent=6080"}],"wp:term":[{"taxonomy":"product_brand","embeddable":true,"href":"https:\/\/parcavs.com\/index.php\/wp-json\/wp\/v2\/product_brand?post=6080"},{"taxonomy":"product_cat","embeddable":true,"href":"https:\/\/parcavs.com\/index.php\/wp-json\/wp\/v2\/product_cat?post=6080"},{"taxonomy":"product_tag","embeddable":true,"href":"https:\/\/parcavs.com\/index.php\/wp-json\/wp\/v2\/product_tag?post=6080"}],"curies":[{"name":"wp","href":"https:\/\/api.w.org\/{rel}","templated":true}]}}